Last updated on 2025-05-08 22:50:31 CEST.
Flavor | Version | Tinstall | Tcheck | Ttotal | Status | Flags |
---|---|---|---|---|---|---|
r-devel-linux-x86_64-debian-clang | 1.1 | 33.22 | 32.04 | 65.26 | NOTE | |
r-devel-linux-x86_64-debian-gcc | 1.1 | 24.77 | 24.79 | 49.56 | NOTE | |
r-devel-linux-x86_64-fedora-clang | 1.1 | 110.59 | OK | |||
r-devel-linux-x86_64-fedora-gcc | 1.1 | 121.15 | OK | |||
r-devel-windows-x86_64 | 1.1 | 38.00 | 74.00 | 112.00 | NOTE | |
r-patched-linux-x86_64 | 1.1 | 32.90 | 31.51 | 64.41 | OK | |
r-release-linux-x86_64 | 1.1 | 34.22 | 31.63 | 65.85 | OK | |
r-release-macos-arm64 | 1.1 | 35.00 | OK | |||
r-release-macos-x86_64 | 1.1 | 97.00 | OK | |||
r-release-windows-x86_64 | 1.1 | 37.00 | 80.00 | 117.00 | NOTE | |
r-oldrel-macos-arm64 | 1.1 | 33.00 | OK | |||
r-oldrel-macos-x86_64 | 1.1 | 61.00 | OK | |||
r-oldrel-windows-x86_64 | 1.1 | 44.00 | 91.00 | 135.00 | NOTE |
Version: 1.1
Check: CRAN incoming feasibility
Result: NOTE
Maintainer: ‘Aditya Mishra <amishra@flatironinstitute.org>’
The Description field contains
<arXiv:1909.04990>.
Please refer to arXiv e-prints via their arXiv DOI <doi:10.48550/arXiv.YYMM.NNNNN>.
Flavors: r-devel-linux-x86_64-debian-clang, r-devel-linux-x86_64-debian-gcc
Version: 1.1
Check: C++ specification
Result: NOTE
Specified C++11: please drop specification unless essential
Flavors: r-devel-windows-x86_64, r-release-windows-x86_64, r-oldrel-windows-x86_64