Last updated on 2024-06-15 19:55:09 CEST.
Flavor | Version | Tinstall | Tcheck | Ttotal | Status | Flags |
---|---|---|---|---|---|---|
r-devel-linux-x86_64-debian-clang | 1.2-3 | 31.79 | 113.40 | 145.19 | OK | |
r-devel-linux-x86_64-debian-gcc | 1.2-3 | 24.42 | 84.68 | 109.10 | OK | |
r-devel-linux-x86_64-fedora-clang | 1.2-3 | 191.71 | OK | |||
r-devel-linux-x86_64-fedora-gcc | 1.2-3 | 191.70 | OK | |||
r-devel-windows-x86_64 | 1.2-3 | 27.00 | 110.00 | 137.00 | OK | |
r-patched-linux-x86_64 | 1.2-3 | 28.01 | 111.69 | 139.70 | OK | |
r-release-linux-x86_64 | 1.2-3 | 26.59 | 108.57 | 135.16 | OK | |
r-release-macos-arm64 | 1.2-3 | 56.00 | OK | |||
r-release-macos-x86_64 | 1.2-3 | 114.00 | OK | |||
r-release-windows-x86_64 | 1.2-3 | 28.00 | 116.00 | 144.00 | OK | |
r-oldrel-macos-arm64 | 1.2-3 | 55.00 | OK | |||
r-oldrel-macos-x86_64 | 1.2-3 | 91.00 | NOTE | |||
r-oldrel-windows-x86_64 | 1.2-3 | 35.00 | 137.00 | 172.00 | OK |
Version: 1.2-3
Check: package dependencies
Result: NOTE
Package suggested but not available for checking: ‘robustbase’
Flavor: r-oldrel-macos-x86_64