Last updated on 2025-07-22 09:50:43 CEST.
Flavor | Version | Tinstall | Tcheck | Ttotal | Status | Flags |
---|---|---|---|---|---|---|
r-devel-linux-x86_64-debian-clang | 1.1-2 | 355.84 | 184.47 | 540.31 | OK | |
r-devel-linux-x86_64-debian-gcc | 1.1-2 | 332.06 | 164.57 | 496.63 | OK | |
r-devel-linux-x86_64-fedora-clang | 1.1-2 | 868.59 | OK | |||
r-devel-linux-x86_64-fedora-gcc | 1.1-2 | 1086.32 | OK | |||
r-devel-windows-x86_64 | 1.1-2 | 401.00 | 220.00 | 621.00 | OK | |
r-patched-linux-x86_64 | 1.1-2 | 401.44 | 214.05 | 615.49 | OK | |
r-release-linux-x86_64 | 1.1-2 | 423.07 | 214.05 | 637.12 | OK | |
r-release-macos-arm64 | 1.1-2 | 178.00 | OK | |||
r-release-macos-x86_64 | 1.1-2 | 312.00 | OK | |||
r-release-windows-x86_64 | 1.1-2 | 404.00 | 224.00 | 628.00 | OK | |
r-oldrel-macos-arm64 | 1.1-2 | 229.00 | NOTE | |||
r-oldrel-macos-x86_64 | 1.1-2 | 329.00 | NOTE | |||
r-oldrel-windows-x86_64 | 1.1-2 | 452.00 | 299.00 | 751.00 | NOTE |
Version: 1.1-2
Check: package dependencies
Result: NOTE
Package suggested but not available for checking: ‘cmdstanr’
Flavors: r-oldrel-macos-arm64, r-oldrel-macos-x86_64, r-oldrel-windows-x86_64
Version: 1.1-2
Check: installed package size
Result: NOTE
installed size is 84.5Mb
sub-directories of 1Mb or more:
libs 83.9Mb
Flavors: r-oldrel-macos-arm64, r-oldrel-macos-x86_64
Version: 1.1-2
Check: Rd cross-references
Result: NOTE
Package unavailable to check Rd xrefs: ‘cmdstanr’
Flavors: r-oldrel-macos-arm64, r-oldrel-macos-x86_64, r-oldrel-windows-x86_64
Version: 1.1-2
Check: for GNU extensions in Makefiles
Result: NOTE
GNU make is a SystemRequirements.
Flavors: r-oldrel-macos-arm64, r-oldrel-macos-x86_64, r-oldrel-windows-x86_64