CRAN Package Check Results for Package rlas

Last updated on 2025-04-29 19:50:44 CEST.

Flavor Version Tinstall Tcheck Ttotal Status Flags
r-devel-linux-x86_64-debian-clang 1.8.0 88.51 32.02 120.53 NOTE
r-devel-linux-x86_64-debian-gcc 1.8.0 78.53 24.53 103.06 NOTE
r-devel-linux-x86_64-fedora-clang 1.8.0 234.67 NOTE
r-devel-linux-x86_64-fedora-gcc 1.8.0 250.68 NOTE
r-devel-windows-x86_64 1.8.0 148.00 86.00 234.00 NOTE
r-patched-linux-x86_64 1.8.0 108.01 29.46 137.47 NOTE
r-release-linux-x86_64 1.8.0 108.36 29.44 137.80 NOTE
r-release-macos-arm64 1.8.0 62.00 NOTE
r-release-macos-x86_64 1.8.0 60.00 NOTE
r-release-windows-x86_64 1.8.0 153.00 92.00 245.00 NOTE
r-oldrel-macos-arm64 1.8.0 65.00 NOTE
r-oldrel-macos-x86_64 1.8.0 91.00 NOTE
r-oldrel-windows-x86_64 1.8.0 181.00 101.00 282.00 OK

Check Details

Version: 1.8.0
Check: compiled code
Result: NOTE File ‘rlas/libs/rlas.so’: Found non-API call to R: ‘DATAPTR’ Compiled code should not call non-API entry points in R. See ‘Writing portable packages’ in the ‘Writing R Extensions’ manual, and section ‘Moving into C API compliance’ for issues with the use of non-API entry points. Flavors: r-devel-linux-x86_64-debian-clang, r-devel-linux-x86_64-debian-gcc, r-devel-linux-x86_64-fedora-clang, r-devel-linux-x86_64-fedora-gcc, r-patched-linux-x86_64, r-release-linux-x86_64, r-release-macos-arm64, r-release-macos-x86_64

Version: 1.8.0
Check: compiled code
Result: NOTE File 'rlas/libs/x64/rlas.dll': Found non-API call to R: 'DATAPTR' Compiled code should not call non-API entry points in R. See 'Writing portable packages' in the 'Writing R Extensions' manual, and section 'Moving into C API compliance' for issues with the use of non-API entry points. Flavors: r-devel-windows-x86_64, r-release-windows-x86_64

Version: 1.8.0
Check: installed package size
Result: NOTE installed size is 9.1Mb sub-directories of 1Mb or more: libs 8.6Mb Flavors: r-oldrel-macos-arm64, r-oldrel-macos-x86_64