Last updated on 2025-04-16 14:53:17 CEST.
Flavor | Version | Tinstall | Tcheck | Ttotal | Status | Flags |
---|---|---|---|---|---|---|
r-devel-linux-x86_64-debian-clang | 1.0.2 | 105.29 | 86.87 | 192.16 | OK | |
r-devel-linux-x86_64-debian-gcc | 1.0.2 | 92.44 | 60.80 | 153.24 | OK | |
r-devel-linux-x86_64-fedora-clang | 1.0.2 | 311.29 | OK | |||
r-devel-linux-x86_64-fedora-gcc | 1.0.2 | 373.25 | OK | |||
r-devel-windows-x86_64 | 1.0.2 | 115.00 | 121.00 | 236.00 | OK | |
r-patched-linux-x86_64 | 1.0.2 | 127.96 | 89.57 | 217.53 | OK | |
r-release-linux-x86_64 | 1.0.2 | 126.62 | 89.81 | 216.43 | OK | |
r-release-macos-arm64 | 1.0.2 | 76.00 | OK | |||
r-release-macos-x86_64 | 1.0.2 | 173.00 | OK | |||
r-release-windows-x86_64 | 1.0.2 | 115.00 | 128.00 | 243.00 | OK | |
r-oldrel-macos-arm64 | 1.0.2 | 84.00 | NOTE | |||
r-oldrel-macos-x86_64 | 1.0.2 | 129.00 | NOTE | |||
r-oldrel-windows-x86_64 | 1.0.2 | 139.00 | 158.00 | 297.00 | OK |
Version: 1.0.2
Check: installed package size
Result: NOTE
installed size is 44.8Mb
sub-directories of 1Mb or more:
libs 44.2Mb
Flavors: r-oldrel-macos-arm64, r-oldrel-macos-x86_64