CRAN Package Check Results for Package rintimg

Last updated on 2025-02-21 19:50:38 CET.

Flavor Version Tinstall Tcheck Ttotal Status Flags
r-devel-linux-x86_64-debian-clang 0.1.0 1.59 15.59 17.18 OK
r-devel-linux-x86_64-debian-gcc 0.1.0 1.04 13.34 14.38 OK
r-devel-linux-x86_64-fedora-clang 0.1.0 27.65 OK
r-devel-linux-x86_64-fedora-gcc 0.1.0 26.02 OK
r-devel-macos-arm64 0.1.0 14.00 OK
r-devel-macos-x86_64 0.1.0 23.00 OK
r-devel-windows-x86_64 0.1.0 2.00 44.00 46.00 OK
r-patched-linux-x86_64 0.1.0 1.58 15.12 16.70 NOTE
r-release-linux-x86_64 0.1.0 1.47 15.02 16.49 NOTE
r-release-macos-arm64 0.1.0 14.00 NOTE
r-release-macos-x86_64 0.1.0 22.00 NOTE
r-release-windows-x86_64 0.1.0 3.00 37.00 40.00 NOTE
r-oldrel-macos-arm64 0.1.0 16.00 NOTE
r-oldrel-macos-x86_64 0.1.0 18.00 NOTE
r-oldrel-windows-x86_64 0.1.0 3.00 36.00 39.00 NOTE

Check Details

Version: 0.1.0
Check: LazyData
Result: NOTE 'LazyData' is specified without a 'data' directory Flavors: r-patched-linux-x86_64, r-release-linux-x86_64, r-release-macos-arm64, r-release-macos-x86_64, r-release-windows-x86_64, r-oldrel-macos-arm64, r-oldrel-macos-x86_64, r-oldrel-windows-x86_64