CRAN Package Check Results for Package rgTest

Last updated on 2025-07-03 19:50:38 CEST.

Flavor Version Tinstall Tcheck Ttotal Status Flags
r-devel-linux-x86_64-debian-clang 0.1 3.46 38.69 42.15 NOTE
r-devel-linux-x86_64-debian-gcc 0.1 2.61 30.23 32.84 NOTE
r-devel-linux-x86_64-fedora-clang 0.1 65.42 OK
r-devel-linux-x86_64-fedora-gcc 0.1 75.90 OK
r-devel-windows-x86_64 0.1 4.00 62.00 66.00 OK
r-patched-linux-x86_64 0.1 3.66 37.14 40.80 OK
r-release-linux-x86_64 0.1 3.14 36.53 39.67 OK
r-release-macos-arm64 0.1 37.00 OK
r-release-macos-x86_64 0.1 52.00 OK
r-release-windows-x86_64 0.1 5.00 60.00 65.00 OK
r-oldrel-macos-arm64 0.1 31.00 OK
r-oldrel-macos-x86_64 0.1 45.00 OK
r-oldrel-windows-x86_64 0.1 6.00 70.00 76.00 OK

Check Details

Version: 0.1
Check: CRAN incoming feasibility
Result: NOTE Maintainer: ‘Yichuan Bai <ycbai@iastate.edu>’ The Description field contains <arXiv:2307.12325>. Please refer to arXiv e-prints via their arXiv DOI <doi:10.48550/arXiv.YYMM.NNNNN>. Flavors: r-devel-linux-x86_64-debian-clang, r-devel-linux-x86_64-debian-gcc