Last updated on 2024-08-24 16:49:09 CEST.
Flavor | Version | Tinstall | Tcheck | Ttotal | Status | Flags |
---|---|---|---|---|---|---|
r-devel-linux-x86_64-debian-clang | 1.38.0 | 34.67 | 111.15 | 145.82 | OK | |
r-devel-linux-x86_64-debian-gcc | 1.38.0 | 25.85 | 77.93 | 103.78 | OK | |
r-devel-linux-x86_64-fedora-clang | 1.38.0 | 248.48 | OK | |||
r-devel-linux-x86_64-fedora-gcc | 1.38.0 | 258.01 | OK | |||
r-devel-windows-x86_64 | 1.38.0 | 47.00 | 161.00 | 208.00 | OK | |
r-patched-linux-x86_64 | 1.38.0 | 38.22 | 104.64 | 142.86 | OK | |
r-release-linux-x86_64 | 1.38.0 | 39.21 | 105.55 | 144.76 | OK | |
r-release-macos-arm64 | 1.38.0 | 93.00 | NOTE | |||
r-release-macos-x86_64 | 1.38.0 | 191.00 | NOTE | |||
r-release-windows-x86_64 | 1.38.0 | 48.00 | 161.00 | 209.00 | OK | |
r-oldrel-macos-arm64 | 1.38.0 | 113.00 | ERROR | |||
r-oldrel-macos-x86_64 | 1.38.0 | 202.00 | ERROR | |||
r-oldrel-windows-x86_64 | 1.38.0 | 58.00 | 179.00 | 237.00 | OK |
Version: 1.38.0
Check: installed package size
Result: NOTE
installed size is 6.0Mb
sub-directories of 1Mb or more:
libs 3.6Mb
Flavors: r-release-macos-arm64, r-release-macos-x86_64, r-oldrel-macos-arm64, r-oldrel-macos-x86_64
Version: 1.38.0
Check: running R code from vignettes
Result: ERROR
Errors in running code in vignettes:
when running code in ‘calling_python.Rmd’
...
> knitr::opts_chunk$set(eval = FALSE)
> difflib <- import("difflib")
When sourcing ‘calling_python.R’:
Error: could not find function "import"
Execution halted
when running code in ‘package.Rmd’
...
+ if (!have_scipy)
+ skip("scipy not available for te ..." ... [TRUNCATED]
> test_that("Things work as expected", {
+ skip_if_no_scipy()
+ })
When sourcing ‘package.R’:
Error: could not find function "test_that"
Execution halted
when running code in ‘python_packages.Rmd’
...
> library(reticulate)
> conda_create("r-reticulate")
Warning in check_forbidden_install("Conda Environments") :
cannot install Conda Environments during R CMD check
When sourcing ‘python_packages.R’:
Error: Unable to find conda binary. Is Anaconda installed?
Execution halted
when running code in ‘python_primer.Rmd’
...
Hello Friend
> library(reticulate)
> py$a_strict_Python_function(3)
When sourcing ‘python_primer.R’:
Error: AttributeError: module '__main__' has no attribute 'a_strict_Python_function'
Run `reticulate::py_last_error()` for details.
Execution halted
when running code in ‘versions.Rmd’
...
> library(reticulate)
> scipy <- import("scipy")
> scipy$amin(c(1, 3, 5, 7))
When sourcing ‘versions.R’:
Error: AttributeError: Module 'scipy' has no attribute 'amin'
Run `reticulate::py_last_error()` for details.
Execution halted
‘arrays.Rmd’ using ‘UTF-8’... [0s/0s] OK
‘calling_python.Rmd’ using ‘UTF-8’... failed
‘package.Rmd’ using ‘UTF-8’... failed
‘python_dependencies.Rmd’ using ‘UTF-8’... [0s/0s] OK
‘python_packages.Rmd’ using ‘UTF-8’... failed
‘python_primer.Rmd’ using ‘UTF-8’... failed
‘r_markdown.Rmd’ using ‘UTF-8’... [0s/0s] OK
‘versions.Rmd’ using ‘UTF-8’... failed
Flavor: r-oldrel-macos-arm64
Version: 1.38.0
Check: running R code from vignettes
Result: ERROR
Errors in running code in vignettes:
when running code in ‘calling_python.Rmd’
...
> knitr::opts_chunk$set(eval = FALSE)
> difflib <- import("difflib")
When sourcing ‘calling_python.R’:
Error: could not find function "import"
Execution halted
when running code in ‘package.Rmd’
...
+ if (!have_scipy)
+ skip("scipy not available for te ..." ... [TRUNCATED]
> test_that("Things work as expected", {
+ skip_if_no_scipy()
+ })
When sourcing ‘package.R’:
Error: could not find function "test_that"
Execution halted
when running code in ‘python_packages.Rmd’
...
> library(reticulate)
> conda_create("r-reticulate")
Warning in check_forbidden_install("Conda Environments") :
cannot install Conda Environments during R CMD check
When sourcing ‘python_packages.R’:
Error: Unable to find conda binary. Is Anaconda installed?
Execution halted
when running code in ‘python_primer.Rmd’
...
Hello Friend
> library(reticulate)
> py$a_strict_Python_function(3)
When sourcing ‘python_primer.R’:
Error: AttributeError: module '__main__' has no attribute 'a_strict_Python_function'
Run `reticulate::py_last_error()` for details.
Execution halted
when running code in ‘versions.Rmd’
...
> library(reticulate)
> scipy <- import("scipy")
> scipy$amin(c(1, 3, 5, 7))
When sourcing ‘versions.R’:
Error: AttributeError: Module 'scipy' has no attribute 'amin'
Run `reticulate::py_last_error()` for details.
Execution halted
‘arrays.Rmd’ using ‘UTF-8’... [0s/0s] OK
‘calling_python.Rmd’ using ‘UTF-8’... failed
‘package.Rmd’ using ‘UTF-8’... failed
‘python_dependencies.Rmd’ using ‘UTF-8’... [0s/0s] OK
‘python_packages.Rmd’ using ‘UTF-8’... failed
‘python_primer.Rmd’ using ‘UTF-8’... failed
‘r_markdown.Rmd’ using ‘UTF-8’... [0s/1s] OK
‘versions.Rmd’ using ‘UTF-8’... failed
Flavor: r-oldrel-macos-x86_64