Last updated on 2024-06-29 11:49:22 CEST.
Flavor | Version | Tinstall | Tcheck | Ttotal | Status | Flags |
---|---|---|---|---|---|---|
r-devel-linux-x86_64-debian-clang | 1.0.1 | 4.98 | 47.09 | 52.07 | NOTE | |
r-devel-linux-x86_64-debian-gcc | 1.0.1 | 3.59 | 34.93 | 38.52 | NOTE | |
r-devel-linux-x86_64-fedora-clang | 1.0.1 | 66.80 | NOTE | |||
r-devel-linux-x86_64-fedora-gcc | 1.0.1 | 75.36 | NOTE | |||
r-devel-windows-x86_64 | 1.0.1 | 6.00 | 56.00 | 62.00 | NOTE | |
r-patched-linux-x86_64 | 1.0.1 | 5.48 | 44.01 | 49.49 | NOTE | |
r-release-linux-x86_64 | 1.0.1 | 4.75 | 44.03 | 48.78 | NOTE | |
r-release-macos-arm64 | 1.0.1 | 29.00 | NOTE | |||
r-release-macos-x86_64 | 1.0.1 | 43.00 | NOTE | |||
r-release-windows-x86_64 | 1.0.1 | 6.00 | 56.00 | 62.00 | NOTE | |
r-oldrel-macos-arm64 | 1.0.1 | 31.00 | NOTE | |||
r-oldrel-macos-x86_64 | 1.0.1 | 41.00 | NOTE | |||
r-oldrel-windows-x86_64 | 1.0.1 | 7.00 | 62.00 | 69.00 | NOTE |
Version: 1.0.1
Check: LazyData
Result: NOTE
'LazyData' is specified without a 'data' directory
Flavors: r-devel-linux-x86_64-debian-clang, r-devel-linux-x86_64-debian-gcc, r-devel-linux-x86_64-fedora-clang, r-devel-linux-x86_64-fedora-gcc, r-devel-windows-x86_64, r-patched-linux-x86_64, r-release-linux-x86_64, r-release-macos-arm64, r-release-macos-x86_64, r-release-windows-x86_64, r-oldrel-macos-arm64, r-oldrel-macos-x86_64, r-oldrel-windows-x86_64