Last updated on 2025-04-29 19:50:43 CEST.
Flavor | Version | Tinstall | Tcheck | Ttotal | Status | Flags |
---|---|---|---|---|---|---|
r-devel-linux-x86_64-debian-clang | 3.2.4 | 57.09 | 53.10 | 110.19 | OK | |
r-devel-linux-x86_64-debian-gcc | 3.2.4 | 46.99 | 41.46 | 88.45 | OK | |
r-devel-linux-x86_64-fedora-clang | 3.2.4 | 206.65 | OK | |||
r-devel-linux-x86_64-fedora-gcc | 3.2.4 | 224.28 | OK | |||
r-devel-windows-x86_64 | 3.2.4 | 72.00 | 109.00 | 181.00 | OK | |
r-patched-linux-x86_64 | 3.2.4 | 64.57 | 49.93 | 114.50 | OK | |
r-release-linux-x86_64 | 3.2.4 | 60.90 | 50.28 | 111.18 | OK | |
r-release-macos-arm64 | 3.2.4 | 75.00 | OK | |||
r-release-macos-x86_64 | 3.2.4 | 108.00 | OK | |||
r-release-windows-x86_64 | 3.2.4 | 69.00 | 110.00 | 179.00 | OK | |
r-oldrel-macos-arm64 | 3.2.4 | 59.00 | NOTE | |||
r-oldrel-macos-x86_64 | 3.2.4 | 108.00 | NOTE | |||
r-oldrel-windows-x86_64 | 3.2.4 | 80.00 | 129.00 | 209.00 | OK |
Version: 3.2.4
Check: installed package size
Result: NOTE
installed size is 7.3Mb
sub-directories of 1Mb or more:
libs 6.7Mb
Flavors: r-oldrel-macos-arm64, r-oldrel-macos-x86_64