Last updated on 2024-06-29 23:50:02 CEST.
Flavor | Version | Tinstall | Tcheck | Ttotal | Status | Flags |
---|---|---|---|---|---|---|
r-devel-linux-x86_64-debian-clang | 1.0 | 3.41 | 60.87 | 64.28 | NOTE | |
r-devel-linux-x86_64-debian-gcc | 1.0 | 2.54 | 45.15 | 47.69 | NOTE | |
r-devel-linux-x86_64-fedora-clang | 1.0 | 81.75 | NOTE | |||
r-devel-linux-x86_64-fedora-gcc | 1.0 | 91.40 | NOTE | |||
r-devel-windows-x86_64 | 1.0 | 4.00 | 65.00 | 69.00 | NOTE | |
r-patched-linux-x86_64 | 1.0 | 3.82 | 58.45 | 62.27 | NOTE | |
r-release-linux-x86_64 | 1.0 | 2.93 | 59.54 | 62.47 | NOTE | |
r-release-macos-arm64 | 1.0 | 34.00 | NOTE | |||
r-release-macos-x86_64 | 1.0 | 67.00 | NOTE | |||
r-release-windows-x86_64 | 1.0 | 4.00 | 68.00 | 72.00 | NOTE | |
r-oldrel-macos-arm64 | 1.0 | 41.00 | NOTE | |||
r-oldrel-macos-x86_64 | 1.0 | 60.00 | NOTE | |||
r-oldrel-windows-x86_64 | 1.0 | 4.00 | 78.00 | 82.00 | NOTE |
Version: 1.0
Check: LazyData
Result: NOTE
'LazyData' is specified without a 'data' directory
Flavors: r-devel-linux-x86_64-debian-clang, r-devel-linux-x86_64-debian-gcc, r-devel-linux-x86_64-fedora-clang, r-devel-linux-x86_64-fedora-gcc, r-devel-windows-x86_64, r-patched-linux-x86_64, r-release-linux-x86_64, r-release-macos-arm64, r-release-macos-x86_64, r-release-windows-x86_64, r-oldrel-macos-arm64, r-oldrel-macos-x86_64, r-oldrel-windows-x86_64