Last updated on 2024-06-29 11:49:22 CEST.
Flavor | Version | Tinstall | Tcheck | Ttotal | Status | Flags |
---|---|---|---|---|---|---|
r-devel-linux-x86_64-debian-clang | 0.1.2 | 4.19 | 56.25 | 60.44 | OK | |
r-devel-linux-x86_64-debian-gcc | 0.1.2 | 5.00 | 42.67 | 47.67 | OK | |
r-devel-linux-x86_64-fedora-clang | 0.1.2 | 81.74 | NOTE | |||
r-devel-linux-x86_64-fedora-gcc | 0.1.2 | 88.40 | NOTE | |||
r-devel-windows-x86_64 | 0.1.2 | 7.00 | 61.00 | 68.00 | OK | |
r-patched-linux-x86_64 | 0.1.2 | 4.78 | 52.82 | 57.60 | OK | |
r-release-linux-x86_64 | 0.1.2 | 6.91 | 55.13 | 62.04 | OK | |
r-release-macos-arm64 | 0.1.2 | 32.00 | OK | |||
r-release-macos-x86_64 | 0.1.2 | 47.00 | OK | |||
r-release-windows-x86_64 | 0.1.2 | 8.00 | 63.00 | 71.00 | OK | |
r-oldrel-macos-arm64 | 0.1.2 | 36.00 | OK | |||
r-oldrel-macos-x86_64 | 0.1.2 | 60.00 | OK | |||
r-oldrel-windows-x86_64 | 0.1.2 | 9.00 | 70.00 | 79.00 | OK |
Version: 0.1.2
Check: data for non-ASCII characters
Result: NOTE
Note: found 20 marked UTF-8 strings
Flavors: r-devel-linux-x86_64-fedora-clang, r-devel-linux-x86_64-fedora-gcc