Last updated on 2025-05-01 14:49:20 CEST.
Flavor | Version | Tinstall | Tcheck | Ttotal | Status | Flags |
---|---|---|---|---|---|---|
r-devel-linux-x86_64-debian-clang | 0.0.1 | 11.53 | 58.04 | 69.57 | NOTE | |
r-devel-linux-x86_64-debian-gcc | 0.0.1 | 6.21 | 39.18 | 45.39 | OK | |
r-devel-linux-x86_64-fedora-clang | 0.0.1 | 109.90 | OK | |||
r-devel-linux-x86_64-fedora-gcc | 0.0.1 | 102.69 | OK | |||
r-devel-windows-x86_64 | 0.0.1 | 11.00 | 70.00 | 81.00 | OK | |
r-patched-linux-x86_64 | 0.0.1 | 10.62 | 55.52 | 66.14 | OK | |
r-release-linux-x86_64 | OK | |||||
r-release-macos-arm64 | 0.0.1 | 31.00 | OK | |||
r-release-macos-x86_64 | 0.0.1 | 56.00 | OK | |||
r-release-windows-x86_64 | 0.0.1 | 12.00 | 75.00 | 87.00 | OK | |
r-oldrel-macos-arm64 | 0.0.1 | 28.00 | OK | |||
r-oldrel-macos-x86_64 | 0.0.1 | 83.00 | OK | |||
r-oldrel-windows-x86_64 | 0.0.1 | 14.00 | 78.00 | 92.00 | OK |
Version: 0.0.1
Check: examples
Result: NOTE
Examples with CPU (user + system) or elapsed time > 5s
user system elapsed
mmd_reg 5.216 2.191 10.494
Flavor: r-devel-linux-x86_64-debian-clang
Version: 0.0.1
Check: examples
Result: NA
user system elapsed
mmd_reg 3.22 2.515 6.942
OK
Flavor: r-devel-linux-x86_64-debian-gcc