Last updated on 2025-02-22 08:51:02 CET.
Flavor | Version | Tinstall | Tcheck | Ttotal | Status | Flags |
---|---|---|---|---|---|---|
r-devel-linux-x86_64-debian-clang | 1.2.2 | 11.18 | 84.87 | 96.05 | OK | |
r-devel-linux-x86_64-debian-gcc | 1.2.2 | 7.47 | 62.10 | 69.57 | OK | |
r-devel-linux-x86_64-fedora-clang | 1.2.2 | 150.53 | NOTE | |||
r-devel-linux-x86_64-fedora-gcc | 1.2.2 | 146.73 | NOTE | |||
r-devel-macos-arm64 | 1.2.2 | 48.00 | OK | |||
r-devel-macos-x86_64 | 1.2.2 | 93.00 | OK | |||
r-devel-windows-x86_64 | 1.2.2 | 11.00 | 107.00 | 118.00 | OK | |
r-patched-linux-x86_64 | 1.2.2 | 10.64 | 80.81 | 91.45 | OK | |
r-release-linux-x86_64 | 1.2.2 | 9.46 | 81.99 | 91.45 | OK | |
r-release-macos-arm64 | 1.2.2 | 43.00 | OK | |||
r-release-macos-x86_64 | 1.2.2 | 78.00 | OK | |||
r-release-windows-x86_64 | 1.2.2 | 12.00 | 108.00 | 120.00 | OK | |
r-oldrel-macos-arm64 | 1.2.2 | 49.00 | OK | |||
r-oldrel-macos-x86_64 | 1.2.2 | 88.00 | OK | |||
r-oldrel-windows-x86_64 | 1.2.2 | 16.00 | 128.00 | 144.00 | OK |
Version: 1.2.2
Check: dependencies in R code
Result: NOTE
Namespaces in Imports field not imported from:
‘SemiPar’ ‘caret’ ‘dplyr’ ‘scales’
All declared Imports should be used.
Flavors: r-devel-linux-x86_64-fedora-clang, r-devel-linux-x86_64-fedora-gcc