Last updated on 2024-07-02 01:57:19 CEST.
Flavor | Version | Tinstall | Tcheck | Ttotal | Status | Flags |
---|---|---|---|---|---|---|
r-devel-linux-x86_64-debian-clang | 0.2.1 | 4.37 | 38.09 | 42.46 | OK | |
r-devel-linux-x86_64-debian-gcc | 0.2.1 | 3.06 | 28.11 | 31.17 | OK | |
r-devel-linux-x86_64-fedora-clang | 0.2.1 | 50.08 | NOTE | |||
r-devel-linux-x86_64-fedora-gcc | 0.2.1 | 51.00 | OK | |||
r-devel-windows-x86_64 | 0.2.1 | 7.00 | 49.00 | 56.00 | NOTE | |
r-patched-linux-x86_64 | 0.2.1 | 4.40 | 35.12 | 39.52 | OK | |
r-release-linux-x86_64 | 0.2.1 | 5.00 | 34.36 | 39.36 | OK | |
r-release-macos-arm64 | 0.2.1 | 22.00 | NOTE | |||
r-release-macos-x86_64 | 0.2.1 | 30.00 | NOTE | |||
r-release-windows-x86_64 | 0.2.1 | 8.00 | 49.00 | 57.00 | NOTE | |
r-oldrel-macos-arm64 | 0.2.1 | 27.00 | NOTE | |||
r-oldrel-macos-x86_64 | 0.2.1 | 29.00 | NOTE | |||
r-oldrel-windows-x86_64 | 0.2.1 | 8.00 | 52.00 | 60.00 | NOTE |
Version: 0.2.1
Check: package dependencies
Result: NOTE
Package suggested but not available for checking: ‘opencv’
Flavor: r-devel-linux-x86_64-fedora-clang
Version: 0.2.1
Check: installed package size
Result: NOTE
installed size is 10.4Mb
sub-directories of 1Mb or more:
htmlwidgets 9.9Mb
Flavors: r-devel-linux-x86_64-fedora-clang, r-devel-windows-x86_64, r-release-macos-arm64, r-release-macos-x86_64, r-release-windows-x86_64, r-oldrel-macos-arm64, r-oldrel-macos-x86_64, r-oldrel-windows-x86_64