Last updated on 2025-04-29 13:51:37 CEST.
Flavor | Version | Tinstall | Tcheck | Ttotal | Status | Flags |
---|---|---|---|---|---|---|
r-devel-linux-x86_64-debian-clang | 0.1.4 | 110.65 | 34.07 | 144.72 | OK | |
r-devel-linux-x86_64-debian-gcc | 0.1.4 | 83.84 | 27.13 | 110.97 | OK | |
r-devel-linux-x86_64-fedora-clang | 0.1.4 | 310.05 | OK | |||
r-devel-linux-x86_64-fedora-gcc | 0.1.4 | 301.14 | OK | |||
r-devel-windows-x86_64 | 0.1.4 | 134.00 | 81.00 | 215.00 | OK | |
r-patched-linux-x86_64 | 0.1.4 | 117.86 | 32.80 | 150.66 | OK | |
r-release-linux-x86_64 | 0.1.4 | 117.32 | 32.81 | 150.13 | OK | |
r-release-macos-arm64 | 0.1.4 | 70.00 | OK | |||
r-release-macos-x86_64 | 0.1.4 | 91.00 | OK | |||
r-release-windows-x86_64 | 0.1.4 | 138.00 | 89.00 | 227.00 | OK | |
r-oldrel-macos-arm64 | 0.1.4 | 75.00 | NOTE | |||
r-oldrel-macos-x86_64 | 0.1.4 | 109.00 | NOTE | |||
r-oldrel-windows-x86_64 | 0.1.4 | 128.00 | 94.00 | 222.00 | OK |
Version: 0.1.4
Check: installed package size
Result: NOTE
installed size is 9.2Mb
sub-directories of 1Mb or more:
libs 8.9Mb
Flavors: r-oldrel-macos-arm64, r-oldrel-macos-x86_64