Last updated on 2024-06-29 11:49:21 CEST.
Flavor | Version | Tinstall | Tcheck | Ttotal | Status | Flags |
---|---|---|---|---|---|---|
r-devel-linux-x86_64-debian-clang | 1.1.7 | 4.04 | 35.57 | 39.61 | NOTE | |
r-devel-linux-x86_64-debian-gcc | 1.1.7 | 2.62 | 26.63 | 29.25 | NOTE | |
r-devel-linux-x86_64-fedora-clang | 1.1.7 | 50.93 | NOTE | |||
r-devel-linux-x86_64-fedora-gcc | 1.1.7 | 49.71 | NOTE | |||
r-devel-windows-x86_64 | 1.1.7 | 3.00 | 47.00 | 50.00 | NOTE | |
r-patched-linux-x86_64 | 1.1.7 | 2.77 | 34.00 | 36.77 | NOTE | |
r-release-linux-x86_64 | 1.1.7 | 2.81 | 33.72 | 36.53 | NOTE | |
r-release-macos-arm64 | 1.1.7 | 19.00 | NOTE | |||
r-release-macos-x86_64 | 1.1.7 | 29.00 | NOTE | |||
r-release-windows-x86_64 | 1.1.7 | 4.00 | 52.00 | 56.00 | NOTE | |
r-oldrel-macos-arm64 | 1.1.7 | 20.00 | NOTE | |||
r-oldrel-macos-x86_64 | 1.1.7 | 28.00 | NOTE | |||
r-oldrel-windows-x86_64 | 1.1.7 | 4.00 | 52.00 | 56.00 | NOTE |
Version: 1.1.7
Check: package dependencies
Result: NOTE
Package suggested but not available for checking: ‘rrelaxiv’
Flavors: r-devel-linux-x86_64-debian-clang, r-devel-linux-x86_64-debian-gcc, r-devel-linux-x86_64-fedora-clang, r-devel-linux-x86_64-fedora-gcc, r-devel-windows-x86_64, r-patched-linux-x86_64, r-release-linux-x86_64, r-release-macos-arm64, r-release-macos-x86_64, r-release-windows-x86_64, r-oldrel-macos-arm64, r-oldrel-macos-x86_64, r-oldrel-windows-x86_64
Version: 1.1.7
Check: dependencies in R code
Result: NOTE
Namespace in Imports field not imported from: ‘rlemon’
All declared Imports should be used.
Flavors: r-devel-linux-x86_64-fedora-clang, r-devel-linux-x86_64-fedora-gcc