Last updated on 2024-06-29 11:49:21 CEST.
Flavor | Version | Tinstall | Tcheck | Ttotal | Status | Flags |
---|---|---|---|---|---|---|
r-devel-linux-x86_64-debian-clang | 0.2.0 | 626.09 | 218.09 | 844.18 | NOTE | |
r-devel-linux-x86_64-debian-gcc | 0.2.0 | 491.68 | 196.76 | 688.44 | NOTE | |
r-devel-linux-x86_64-fedora-clang | 0.2.0 | 1009.48 | NOTE | |||
r-devel-linux-x86_64-fedora-gcc | 0.2.0 | 1414.48 | NOTE | |||
r-devel-windows-x86_64 | 0.2.0 | 459.00 | 215.00 | 674.00 | NOTE | |
r-patched-linux-x86_64 | 0.2.0 | 401.64 | 252.50 | 654.14 | NOTE | |
r-release-linux-x86_64 | 0.2.0 | 459.87 | 253.24 | 713.11 | NOTE | |
r-release-macos-arm64 | 0.2.0 | 248.00 | NOTE | |||
r-release-macos-x86_64 | 0.2.0 | 270.00 | NOTE | |||
r-release-windows-x86_64 | 0.2.0 | 446.00 | 215.00 | 661.00 | NOTE | |
r-oldrel-macos-arm64 | 0.2.0 | 254.00 | NOTE | |||
r-oldrel-macos-x86_64 | 0.2.0 | 434.00 | NOTE | |||
r-oldrel-windows-x86_64 | 0.2.0 | 578.00 | 259.00 | 837.00 | NOTE |
Version: 0.2.0
Check: Rd files
Result: NOTE
checkRd: (-1) mig_calculate_rc.Rd:28: Lost braces; missing escapes or markup?
28 | \item pre-working age: {a1, alpha1}
| ^
checkRd: (-1) mig_calculate_rc.Rd:29: Lost braces; missing escapes or markup?
29 | \item working age: {a2, alpha2, mu2, lambda2}
| ^
checkRd: (-1) mig_calculate_rc.Rd:30: Lost braces; missing escapes or markup?
30 | \item retirement: {a3, alpha3, mu3, lambda3}
| ^
checkRd: (-1) mig_calculate_rc.Rd:31: Lost braces; missing escapes or markup?
31 | \item post retirement: {a4, lambda4}
| ^
Flavors: r-devel-linux-x86_64-debian-clang, r-devel-linux-x86_64-debian-gcc, r-devel-linux-x86_64-fedora-clang, r-devel-linux-x86_64-fedora-gcc, r-devel-windows-x86_64, r-patched-linux-x86_64, r-release-linux-x86_64, r-release-macos-arm64, r-release-macos-x86_64, r-release-windows-x86_64
Version: 0.2.0
Check: for GNU extensions in Makefiles
Result: NOTE
GNU make is a SystemRequirements.
Flavors: r-devel-linux-x86_64-debian-clang, r-devel-linux-x86_64-debian-gcc, r-devel-linux-x86_64-fedora-clang, r-devel-linux-x86_64-fedora-gcc, r-devel-windows-x86_64, r-patched-linux-x86_64, r-release-linux-x86_64, r-release-macos-arm64, r-release-macos-x86_64, r-release-windows-x86_64, r-oldrel-macos-arm64, r-oldrel-macos-x86_64, r-oldrel-windows-x86_64
Version: 0.2.0
Check: installed package size
Result: NOTE
installed size is 6.4Mb
sub-directories of 1Mb or more:
libs 5.6Mb
Flavors: r-devel-linux-x86_64-fedora-clang, r-devel-windows-x86_64, r-release-macos-arm64, r-release-macos-x86_64, r-release-windows-x86_64, r-oldrel-macos-arm64, r-oldrel-macos-x86_64, r-oldrel-windows-x86_64
Version: 0.2.0
Check: dependencies in R code
Result: NOTE
Namespaces in Imports field not imported from:
‘RcppParallel’ ‘rstantools’ ‘shinythemes’
All declared Imports should be used.
Flavors: r-devel-linux-x86_64-fedora-clang, r-devel-linux-x86_64-fedora-gcc