Last updated on 2025-05-07 16:52:15 CEST.
Flavor | Version | Tinstall | Tcheck | Ttotal | Status | Flags |
---|---|---|---|---|---|---|
r-devel-linux-x86_64-debian-clang | 0.2.2 | 122.11 | 126.65 | 248.76 | OK | |
r-devel-linux-x86_64-debian-gcc | 0.2.2 | 87.42 | 85.78 | 173.20 | OK | |
r-devel-linux-x86_64-fedora-clang | 0.2.2 | 468.89 | OK | |||
r-devel-linux-x86_64-fedora-gcc | 0.2.2 | 533.02 | OK | |||
r-devel-windows-x86_64 | 0.2.2 | 171.00 | 167.00 | 338.00 | OK | |
r-patched-linux-x86_64 | 0.2.2 | 128.75 | 117.16 | 245.91 | OK | |
r-release-linux-x86_64 | 0.2.2 | 120.35 | 118.26 | 238.61 | OK | |
r-release-macos-arm64 | 0.2.2 | 117.00 | OK | |||
r-release-macos-x86_64 | 0.2.2 | 158.00 | OK | |||
r-release-windows-x86_64 | 0.2.2 | 171.00 | 171.00 | 342.00 | OK | |
r-oldrel-macos-arm64 | 0.2.2 | 96.00 | NOTE | |||
r-oldrel-macos-x86_64 | 0.2.2 | 164.00 | NOTE | |||
r-oldrel-windows-x86_64 | 0.2.2 | 193.00 | 212.00 | 405.00 | OK |
Version: 0.2.2
Check: installed package size
Result: NOTE
installed size is 15.8Mb
sub-directories of 1Mb or more:
libs 15.0Mb
Flavors: r-oldrel-macos-arm64, r-oldrel-macos-x86_64