Last updated on 2024-06-29 11:49:21 CEST.
Flavor | Version | Tinstall | Tcheck | Ttotal | Status | Flags |
---|---|---|---|---|---|---|
r-devel-linux-x86_64-debian-clang | 1.2.4 | 83.37 | 192.62 | 275.99 | NOTE | |
r-devel-linux-x86_64-debian-gcc | 1.2.4 | 54.50 | 140.15 | 194.65 | NOTE | |
r-devel-linux-x86_64-fedora-clang | 1.2.4 | 355.44 | NOTE | |||
r-devel-linux-x86_64-fedora-gcc | 1.2.4 | 360.22 | NOTE | |||
r-devel-windows-x86_64 | 1.2.4 | 60.00 | 170.00 | 230.00 | NOTE | |
r-patched-linux-x86_64 | 1.2.4 | 62.76 | 181.12 | 243.88 | NOTE | |
r-release-linux-x86_64 | 1.2.4 | 46.56 | 186.12 | 232.68 | NOTE | |
r-release-macos-arm64 | 1.2.4 | 94.00 | NOTE | |||
r-release-macos-x86_64 | 1.2.4 | 193.00 | NOTE | |||
r-release-windows-x86_64 | 1.2.4 | 60.00 | 170.00 | 230.00 | NOTE | |
r-oldrel-macos-arm64 | 1.2.4 | 94.00 | NOTE | |||
r-oldrel-macos-x86_64 | 1.2.4 | 166.00 | NOTE | |||
r-oldrel-windows-x86_64 | 1.2.4 | 72.00 | 204.00 | 276.00 | NOTE |
Version: 1.2.4
Check: C++ specification
Result: NOTE
Specified C++11: please drop specification unless essential
Flavors: r-devel-linux-x86_64-debian-clang, r-devel-linux-x86_64-debian-gcc, r-devel-linux-x86_64-fedora-clang, r-devel-linux-x86_64-fedora-gcc, r-devel-windows-x86_64, r-patched-linux-x86_64, r-release-linux-x86_64, r-release-macos-arm64, r-release-macos-x86_64, r-release-windows-x86_64, r-oldrel-macos-arm64, r-oldrel-macos-x86_64, r-oldrel-windows-x86_64
Version: 1.2.4
Check: installed package size
Result: NOTE
installed size is 6.6Mb
sub-directories of 1Mb or more:
libs 4.9Mb
Flavors: r-release-macos-arm64, r-release-macos-x86_64, r-oldrel-macos-arm64, r-oldrel-macos-x86_64