Last updated on 2024-08-24 16:49:08 CEST.
Flavor | Version | Tinstall | Tcheck | Ttotal | Status | Flags |
---|---|---|---|---|---|---|
r-devel-linux-x86_64-debian-clang | 0.3.0 | 4.25 | 54.36 | 58.61 | OK | |
r-devel-linux-x86_64-debian-gcc | 0.3.0 | 3.08 | 40.76 | 43.84 | OK | |
r-devel-linux-x86_64-fedora-clang | 0.3.0 | 93.69 | NOTE | |||
r-devel-linux-x86_64-fedora-gcc | 0.3.0 | 102.05 | OK | |||
r-devel-windows-x86_64 | 0.3.0 | 6.00 | 82.00 | 88.00 | OK | |
r-patched-linux-x86_64 | 0.3.0 | 4.91 | 52.36 | 57.27 | OK | |
r-release-linux-x86_64 | 0.3.0 | 4.55 | 52.15 | 56.70 | OK | |
r-release-macos-arm64 | 0.3.0 | 51.00 | OK | |||
r-release-macos-x86_64 | 0.3.0 | 73.00 | OK | |||
r-release-windows-x86_64 | 0.3.0 | 8.00 | 81.00 | 89.00 | OK | |
r-oldrel-macos-arm64 | 0.3.0 | 143.00 | OK | |||
r-oldrel-macos-x86_64 | 0.3.0 | 101.00 | OK | |||
r-oldrel-windows-x86_64 | 0.3.0 | 7.00 | 88.00 | 95.00 | OK |
Version: 0.3.0
Check: Rd cross-references
Result: NOTE
Undeclared package ‘igraph’ in Rd xrefs
Flavor: r-devel-linux-x86_64-fedora-clang