Last updated on 2025-05-06 15:51:25 CEST.
Flavor | Version | Tinstall | Tcheck | Ttotal | Status | Flags |
---|---|---|---|---|---|---|
r-devel-linux-x86_64-debian-clang | 1.0.0 | 5.31 | 62.58 | 67.89 | NOTE | |
r-devel-linux-x86_64-debian-gcc | 1.0.0 | 3.88 | 43.08 | 46.96 | NOTE | |
r-devel-linux-x86_64-fedora-clang | 1.0.0 | 115.33 | NOTE | |||
r-devel-linux-x86_64-fedora-gcc | 1.0.0 | 122.78 | NOTE | |||
r-devel-windows-x86_64 | 1.0.0 | 8.00 | 85.00 | 93.00 | NOTE | |
r-patched-linux-x86_64 | 1.0.0 | 4.82 | 59.44 | 64.26 | NOTE | |
r-release-linux-x86_64 | 1.0.0 | 4.41 | 59.54 | 63.95 | NOTE | |
r-release-macos-arm64 | 1.0.0 | 47.00 | NOTE | |||
r-release-macos-x86_64 | 1.0.0 | 76.00 | NOTE | |||
r-release-windows-x86_64 | 1.0.0 | 10.00 | 86.00 | 96.00 | NOTE | |
r-oldrel-macos-arm64 | 1.0.0 | 32.00 | OK | |||
r-oldrel-macos-x86_64 | 1.0.0 | 59.00 | OK | |||
r-oldrel-windows-x86_64 | 1.0.0 | 9.00 | 100.00 | 109.00 | OK |
Version: 1.0.0
Check: compiled code
Result: NOTE
File ‘randomizr/libs/randomizr.so’:
Found non-API call to R: ‘SETLENGTH’
Compiled code should not call non-API entry points in R.
See ‘Writing portable packages’ in the ‘Writing R Extensions’ manual,
and section ‘Moving into C API compliance’ for issues with the use of
non-API entry points.
Flavors: r-devel-linux-x86_64-debian-clang, r-devel-linux-x86_64-debian-gcc, r-devel-linux-x86_64-fedora-clang, r-devel-linux-x86_64-fedora-gcc, r-patched-linux-x86_64, r-release-linux-x86_64, r-release-macos-arm64, r-release-macos-x86_64
Version: 1.0.0
Check: compiled code
Result: NOTE
File 'randomizr/libs/x64/randomizr.dll':
Found non-API call to R: 'SETLENGTH'
Compiled code should not call non-API entry points in R.
See 'Writing portable packages' in the 'Writing R Extensions' manual,
and section 'Moving into C API compliance' for issues with the use of
non-API entry points.
Flavors: r-devel-windows-x86_64, r-release-windows-x86_64