Last updated on 2025-04-30 01:50:32 CEST.
Flavor | Version | Tinstall | Tcheck | Ttotal | Status | Flags |
---|---|---|---|---|---|---|
r-devel-linux-x86_64-debian-clang | 2.3 | 3.49 | 21.97 | 25.46 | NOTE | |
r-devel-linux-x86_64-debian-gcc | 2.3 | 2.51 | 17.77 | 20.28 | NOTE | |
r-devel-linux-x86_64-fedora-clang | 2.3 | 42.27 | OK | |||
r-devel-linux-x86_64-fedora-gcc | 2.3 | 37.07 | OK | |||
r-devel-windows-x86_64 | 2.3 | 7.00 | 48.00 | 55.00 | OK | |
r-patched-linux-x86_64 | 2.3 | 3.48 | 21.15 | 24.63 | OK | |
r-release-linux-x86_64 | 2.3 | 3.34 | 21.22 | 24.56 | OK | |
r-release-macos-arm64 | 2.3 | 22.00 | OK | |||
r-release-macos-x86_64 | 2.3 | 28.00 | OK | |||
r-release-windows-x86_64 | 2.3 | 7.00 | 50.00 | 57.00 | OK | |
r-oldrel-macos-arm64 | 2.3 | 18.00 | OK | |||
r-oldrel-macos-x86_64 | 2.3 | 26.00 | OK | |||
r-oldrel-windows-x86_64 | 2.3 | 8.00 | 46.00 | 54.00 | OK |
Version: 2.3
Check: CRAN incoming feasibility
Result: NOTE
Maintainer: ‘Shannon T. Holloway <shannon.t.holloway@gmail.com>’
No Authors@R field in DESCRIPTION.
Please add one, modifying
Authors@R: c(person(given = "Chong",
family = "Zhang",
role = "aut"),
person(given = "Yufeng",
family = "Liu",
role = "aut"),
person(given = c("Shannon", "T."),
family = "Holloway",
role = c("aut", "cre"),
email = "shannon.t.holloway@gmail.com"))
as necessary.
Flavors: r-devel-linux-x86_64-debian-clang, r-devel-linux-x86_64-debian-gcc