Last updated on 2024-06-29 11:49:21 CEST.
Flavor | Version | Tinstall | Tcheck | Ttotal | Status | Flags |
---|---|---|---|---|---|---|
r-devel-linux-x86_64-debian-clang | 1.6.6 | 19.94 | 142.08 | 162.02 | OK | |
r-devel-linux-x86_64-debian-gcc | 1.6.6 | 15.30 | 105.41 | 120.71 | OK | |
r-devel-linux-x86_64-fedora-clang | 1.6.6 | 205.92 | NOTE | |||
r-devel-linux-x86_64-fedora-gcc | 1.6.6 | 201.95 | OK | |||
r-devel-windows-x86_64 | 1.6.6 | 18.00 | 147.00 | 165.00 | OK | |
r-patched-linux-x86_64 | 1.6.6 | 13.85 | 134.25 | 148.10 | OK | |
r-release-linux-x86_64 | 1.6.6 | 12.81 | 138.35 | 151.16 | OK | |
r-release-macos-arm64 | 1.6.6 | 55.00 | OK | |||
r-release-macos-x86_64 | 1.6.6 | 83.00 | OK | |||
r-release-windows-x86_64 | 1.6.6 | 18.00 | 149.00 | 167.00 | OK | |
r-oldrel-macos-arm64 | 1.6.6 | 63.00 | OK | |||
r-oldrel-macos-x86_64 | 1.6.6 | 164.00 | OK | |||
r-oldrel-windows-x86_64 | 1.6.6 | 23.00 | 176.00 | 199.00 | OK |
Version: 1.6.6
Check: package dependencies
Result: NOTE
Imports includes 30 non-default packages.
Importing from so many packages makes the package vulnerable to any of
them becoming unavailable. Move as many as possible to Suggests and
use conditionally.
Flavor: r-devel-linux-x86_64-fedora-clang