Last updated on 2024-06-29 11:49:21 CEST.
Flavor | Version | Tinstall | Tcheck | Ttotal | Status | Flags |
---|---|---|---|---|---|---|
r-devel-linux-x86_64-debian-clang | 1.2.1 | 94.54 | 155.15 | 249.69 | OK | |
r-devel-linux-x86_64-debian-gcc | 1.2.1 | 57.39 | 112.35 | 169.74 | OK | |
r-devel-linux-x86_64-fedora-clang | 1.2.1 | 341.91 | NOTE | |||
r-devel-linux-x86_64-fedora-gcc | 1.2.1 | 332.64 | NOTE | |||
r-devel-windows-x86_64 | 1.2.1 | 71.00 | 136.00 | 207.00 | OK | |
r-patched-linux-x86_64 | 1.2.1 | 75.73 | 147.60 | 223.33 | OK | |
r-release-linux-x86_64 | 1.2.1 | 73.67 | 146.96 | 220.63 | OK | |
r-release-macos-arm64 | 1.2.1 | 65.00 | OK | |||
r-release-macos-x86_64 | 1.2.1 | 105.00 | OK | |||
r-release-windows-x86_64 | 1.2.1 | 72.00 | 139.00 | 211.00 | OK | |
r-oldrel-macos-arm64 | 1.2.1 | 86.00 | OK | |||
r-oldrel-macos-x86_64 | 1.2.1 | 131.00 | OK | |||
r-oldrel-windows-x86_64 | 1.2.1 | 85.00 | 175.00 | 260.00 | OK |
Version: 1.2.1
Check: dependencies in R code
Result: NOTE
Namespace in Imports field not imported from: ‘comat’
All declared Imports should be used.
Flavors: r-devel-linux-x86_64-fedora-clang, r-devel-linux-x86_64-fedora-gcc