CRAN Package Check Results for Package rTCRBCRr

Last updated on 2025-04-29 13:51:39 CEST.

Flavor Version Tinstall Tcheck Ttotal Status Flags
r-devel-linux-x86_64-debian-clang 0.1.1 5.36 57.09 62.45 OK
r-devel-linux-x86_64-debian-gcc 0.1.1 3.64 41.02 44.66 OK
r-devel-linux-x86_64-fedora-clang 0.1.1 103.98 NOTE
r-devel-linux-x86_64-fedora-gcc 0.1.1 106.27 NOTE
r-devel-windows-x86_64 0.1.1 9.00 79.00 88.00 OK
r-patched-linux-x86_64 0.1.1 5.92 52.81 58.73 OK
r-release-linux-x86_64 0.1.1 5.43 53.04 58.47 OK
r-release-macos-arm64 0.1.1 46.00 OK
r-release-macos-x86_64 0.1.1 104.00 OK
r-release-windows-x86_64 0.1.1 9.00 79.00 88.00 OK
r-oldrel-macos-arm64 0.1.1 42.00 OK
r-oldrel-macos-x86_64 0.1.1 68.00 OK
r-oldrel-windows-x86_64 0.1.1 11.00 89.00 100.00 OK

Check Details

Version: 0.1.1
Check: dependencies in R code
Result: NOTE Namespace in Imports field not imported from: ‘readr’ All declared Imports should be used. Flavors: r-devel-linux-x86_64-fedora-clang, r-devel-linux-x86_64-fedora-gcc