Last updated on 2024-06-29 23:50:03 CEST.
Flavor | Version | Tinstall | Tcheck | Ttotal | Status | Flags |
---|---|---|---|---|---|---|
r-devel-linux-x86_64-debian-clang | 0.3.2 | 9.92 | 78.91 | 88.83 | NOTE | |
r-devel-linux-x86_64-debian-gcc | 0.3.2 | 8.62 | 57.47 | 66.09 | NOTE | |
r-devel-linux-x86_64-fedora-clang | 0.3.2 | 114.03 | NOTE | |||
r-devel-linux-x86_64-fedora-gcc | 0.3.2 | 103.51 | NOTE | |||
r-devel-windows-x86_64 | 0.3.2 | 12.00 | 83.00 | 95.00 | NOTE | |
r-patched-linux-x86_64 | 0.3.2 | 9.82 | 73.48 | 83.30 | NOTE | |
r-release-linux-x86_64 | 0.3.2 | 9.84 | 74.94 | 84.78 | NOTE | |
r-release-macos-arm64 | 0.3.2 | 28.00 | NOTE | |||
r-release-macos-x86_64 | 0.3.2 | 44.00 | NOTE | |||
r-release-windows-x86_64 | 0.3.2 | 11.00 | 82.00 | 93.00 | NOTE | |
r-oldrel-macos-arm64 | 0.3.2 | 35.00 | NOTE | |||
r-oldrel-macos-x86_64 | 0.3.2 | 48.00 | NOTE | |||
r-oldrel-windows-x86_64 | 0.3.2 | 14.00 | 97.00 | 111.00 | NOTE |
Version: 0.3.2
Check: LazyData
Result: NOTE
'LazyData' is specified without a 'data' directory
Flavors: r-devel-linux-x86_64-debian-clang, r-devel-linux-x86_64-debian-gcc, r-devel-linux-x86_64-fedora-clang, r-devel-linux-x86_64-fedora-gcc, r-devel-windows-x86_64, r-patched-linux-x86_64, r-release-linux-x86_64, r-release-macos-arm64, r-release-macos-x86_64, r-release-windows-x86_64, r-oldrel-macos-arm64, r-oldrel-macos-x86_64, r-oldrel-windows-x86_64