Last updated on 2024-06-29 11:49:22 CEST.
Flavor | Version | Tinstall | Tcheck | Ttotal | Status | Flags |
---|---|---|---|---|---|---|
r-devel-linux-x86_64-debian-clang | 1.0.8 | 146.40 | 72.87 | 219.27 | OK | |
r-devel-linux-x86_64-debian-gcc | 1.0.8 | 113.39 | 56.19 | 169.58 | OK | |
r-devel-linux-x86_64-fedora-clang | 1.0.8 | 295.22 | OK | |||
r-devel-linux-x86_64-fedora-gcc | 1.0.8 | 332.26 | OK | |||
r-devel-windows-x86_64 | 1.0.8 | 117.00 | 96.00 | 213.00 | OK | |
r-patched-linux-x86_64 | 1.0.8 | 130.68 | 74.30 | 204.98 | OK | |
r-release-linux-x86_64 | 1.0.8 | 126.16 | 75.56 | 201.72 | OK | |
r-release-macos-arm64 | 1.0.8 | 60.00 | NOTE | |||
r-release-macos-x86_64 | 1.0.8 | 80.00 | NOTE | |||
r-release-windows-x86_64 | 1.0.8 | 117.00 | 99.00 | 216.00 | OK | |
r-oldrel-macos-arm64 | 1.0.8 | 67.00 | NOTE | |||
r-oldrel-macos-x86_64 | 1.0.8 | 111.00 | NOTE | |||
r-oldrel-windows-x86_64 | 1.0.8 | 142.00 | 118.00 | 260.00 | OK |
Version: 1.0.8
Check: installed package size
Result: NOTE
installed size is 30.9Mb
sub-directories of 1Mb or more:
libs 29.7Mb
Flavors: r-release-macos-arm64, r-release-macos-x86_64, r-oldrel-macos-arm64, r-oldrel-macos-x86_64