Last updated on 2025-10-21 11:53:37 CEST.
Flavor | Version | Tinstall | Tcheck | Ttotal | Status | Flags |
---|---|---|---|---|---|---|
r-devel-linux-x86_64-debian-clang | 0.3.0 | 2.72 | 51.91 | 54.63 | NOTE | |
r-devel-linux-x86_64-debian-gcc | 0.3.0 | 1.77 | 40.07 | 41.84 | NOTE | |
r-devel-linux-x86_64-fedora-clang | 0.3.0 | 82.78 | OK | |||
r-devel-linux-x86_64-fedora-gcc | 0.3.0 | 95.25 | OK | |||
r-devel-windows-x86_64 | 0.3.0 | 4.00 | 74.00 | 78.00 | OK | |
r-patched-linux-x86_64 | 0.3.0 | 3.20 | 49.23 | 52.43 | OK | |
r-release-linux-x86_64 | 0.3.0 | 2.89 | 48.93 | 51.82 | OK | |
r-release-macos-arm64 | 0.3.0 | 29.00 | OK | |||
r-release-macos-x86_64 | 0.3.0 | 4.00 | 58.00 | 62.00 | OK | |
r-release-windows-x86_64 | 0.3.0 | 5.00 | 74.00 | 79.00 | OK | |
r-oldrel-macos-arm64 | 0.3.0 | 34.00 | OK | |||
r-oldrel-macos-x86_64 | 0.3.0 | 64.00 | OK | |||
r-oldrel-windows-x86_64 | 0.3.0 | 5.00 | 85.00 | 90.00 | OK |
Version: 0.3.0
Check: HTML version of manual
Result: NOTE
Found the following HTML validation problems:
global_quiet_param.html:46:1 (global_quiet_param.Rd:10): Warning: missing </ul> before </div>
java_env_set_rprofile.html:50:1 (java_env_set_rprofile.Rd:12): Warning: missing </ul> before </div>
java_env_set_session.html:46:1 (java_env_set_session.Rd:10): Warning: missing </ul> before </div>
rje_envvar_exists.html:48:1 (rje_envvar_exists.Rd:10): Warning: missing </ul> before </div>
Flavors: r-devel-linux-x86_64-debian-clang, r-devel-linux-x86_64-debian-gcc