CRAN Package Check Results for Package r2fireworks

Last updated on 2025-05-06 03:51:12 CEST.

Flavor Version Tinstall Tcheck Ttotal Status Flags
r-devel-linux-x86_64-debian-clang 0.1.0 1.86 21.01 22.87 OK
r-devel-linux-x86_64-debian-gcc 0.1.0 1.29 17.09 18.38 OK
r-devel-linux-x86_64-fedora-clang 0.1.0 36.12 NOTE
r-devel-linux-x86_64-fedora-gcc 0.1.0 49.15 NOTE
r-devel-windows-x86_64 0.1.0 4.00 45.00 49.00 OK
r-patched-linux-x86_64 0.1.0 1.88 20.24 22.12 OK
r-release-linux-x86_64 0.1.0 1.52 20.05 21.57 OK
r-release-macos-arm64 0.1.0 43.00 OK
r-release-macos-x86_64 0.1.0 46.00 OK
r-release-windows-x86_64 0.1.0 4.00 44.00 48.00 OK
r-oldrel-macos-arm64 0.1.0 25.00 OK
r-oldrel-macos-x86_64 0.1.0 35.00 OK
r-oldrel-windows-x86_64 0.1.0 4.00 48.00 52.00 OK

Check Details

Version: 0.1.0
Check: dependencies in R code
Result: NOTE Namespaces in Imports field not imported from: ‘shiny’ ‘utils’ All declared Imports should be used. Flavors: r-devel-linux-x86_64-fedora-clang, r-devel-linux-x86_64-fedora-gcc