CRAN Package Check Results for Package quantregRanger

Last updated on 2025-04-30 07:55:18 CEST.

Flavor Version Tinstall Tcheck Ttotal Status Flags
r-devel-linux-x86_64-debian-clang 1.0 21.03 29.85 50.88 OK
r-devel-linux-x86_64-debian-gcc 1.0 16.57 23.14 39.71 OK
r-devel-linux-x86_64-fedora-clang 1.0 102.90 OK
r-devel-linux-x86_64-fedora-gcc 1.0 93.93 OK
r-devel-windows-x86_64 1.0 30.00 69.00 99.00 OK
r-patched-linux-x86_64 1.0 23.11 28.61 51.72 OK
r-release-linux-x86_64 1.0 24.99 28.36 53.35 OK
r-release-macos-arm64 1.0 32.00 OK
r-release-macos-x86_64 1.0 39.00 OK
r-release-windows-x86_64 1.0 31.00 70.00 101.00 OK
r-oldrel-macos-arm64 1.0 30.00 NOTE
r-oldrel-macos-x86_64 1.0 36.00 NOTE
r-oldrel-windows-x86_64 1.0 33.00 74.00 107.00 NOTE

Check Details

Version: 1.0
Check: LazyData
Result: NOTE 'LazyData' is specified without a 'data' directory Flavors: r-oldrel-macos-arm64, r-oldrel-macos-x86_64, r-oldrel-windows-x86_64