Last updated on 2024-06-29 23:50:01 CEST.
Flavor | Version | Tinstall | Tcheck | Ttotal | Status | Flags |
---|---|---|---|---|---|---|
r-devel-linux-x86_64-debian-clang | 0.9.7 | 94.08 | 268.13 | 362.21 | OK | |
r-devel-linux-x86_64-debian-gcc | 0.9.7 | 63.77 | 209.31 | 273.08 | OK | |
r-devel-linux-x86_64-fedora-clang | 0.9.7 | 442.96 | NOTE | |||
r-devel-linux-x86_64-fedora-gcc | 0.9.7 | 484.01 | NOTE | |||
r-devel-windows-x86_64 | 0.9.7 | 70.00 | 252.00 | 322.00 | NOTE | |
r-patched-linux-x86_64 | 0.9.7 | 78.90 | 263.03 | 341.93 | OK | |
r-release-linux-x86_64 | 0.9.7 | 75.02 | 258.91 | 333.93 | OK | |
r-release-macos-arm64 | 0.9.7 | 152.00 | NOTE | |||
r-release-macos-x86_64 | 0.9.7 | 243.00 | NOTE | |||
r-release-windows-x86_64 | 0.9.7 | 70.00 | 253.00 | 323.00 | NOTE | |
r-oldrel-macos-arm64 | 0.9.7 | 155.00 | NOTE | |||
r-oldrel-macos-x86_64 | 0.9.7 | 369.00 | NOTE | |||
r-oldrel-windows-x86_64 | 0.9.7 | 90.00 | 320.00 | 410.00 | NOTE |
Version: 0.9.7
Check: data for non-ASCII characters
Result: NOTE
Note: found 35707 marked UTF-8 strings
Flavors: r-devel-linux-x86_64-fedora-clang, r-devel-linux-x86_64-fedora-gcc
Version: 0.9.7
Check: installed package size
Result: NOTE
installed size is 5.3Mb
sub-directories of 1Mb or more:
data 3.8Mb
libs 1.1Mb
Flavors: r-devel-windows-x86_64, r-release-macos-arm64, r-release-macos-x86_64, r-release-windows-x86_64, r-oldrel-macos-arm64, r-oldrel-macos-x86_64, r-oldrel-windows-x86_64