Last updated on 2024-06-29 23:50:01 CEST.
Flavor | Version | Tinstall | Tcheck | Ttotal | Status | Flags |
---|---|---|---|---|---|---|
r-devel-linux-x86_64-debian-clang | 0.2-12 | 125.16 | 183.06 | 308.22 | OK | |
r-devel-linux-x86_64-debian-gcc | 0.2-12 | 93.34 | 132.26 | 225.60 | OK | |
r-devel-linux-x86_64-fedora-clang | 0.2-12 | 438.28 | OK | |||
r-devel-linux-x86_64-fedora-gcc | 0.2-12 | 461.62 | OK | |||
r-devel-windows-x86_64 | 0.2-12 | 96.00 | 166.00 | 262.00 | OK | |
r-patched-linux-x86_64 | 0.2-12 | 115.68 | 177.76 | 293.44 | OK | |
r-release-linux-x86_64 | 0.2-11 | 118.95 | 181.18 | 300.13 | OK | |
r-release-macos-arm64 | 0.2-12 | 114.00 | NOTE | |||
r-release-macos-x86_64 | 0.2-12 | 205.00 | NOTE | |||
r-release-windows-x86_64 | 0.2-11 | 106.00 | 180.00 | 286.00 | OK | |
r-oldrel-macos-arm64 | 0.2-12 | 108.00 | NOTE | |||
r-oldrel-macos-x86_64 | 0.2-12 | 215.00 | NOTE | |||
r-oldrel-windows-x86_64 | 0.2-12 | 125.00 | 208.00 | 333.00 | OK |
Version: 0.2-12
Check: installed package size
Result: NOTE
installed size is 7.9Mb
sub-directories of 1Mb or more:
libs 7.4Mb
Flavors: r-release-macos-arm64, r-release-macos-x86_64, r-oldrel-macos-arm64, r-oldrel-macos-x86_64