Last updated on 2025-04-29 13:51:36 CEST.
Flavor | Version | Tinstall | Tcheck | Ttotal | Status | Flags |
---|---|---|---|---|---|---|
r-devel-linux-x86_64-debian-clang | 1.5-8 | 4.42 | 18.88 | 23.30 | NOTE | |
r-devel-linux-x86_64-debian-gcc | 1.5-8 | 2.87 | 15.62 | 18.49 | NOTE | |
r-devel-linux-x86_64-fedora-clang | 1.5-8 | 35.73 | OK | |||
r-devel-linux-x86_64-fedora-gcc | 1.5-8 | 33.87 | OK | |||
r-devel-windows-x86_64 | 1.5-8 | 8.00 | 41.00 | 49.00 | OK | |
r-patched-linux-x86_64 | 1.5-8 | 3.41 | 18.26 | 21.67 | OK | |
r-release-linux-x86_64 | 1.5-8 | 3.51 | 18.17 | 21.68 | OK | |
r-release-macos-arm64 | 1.5-8 | 19.00 | OK | |||
r-release-macos-x86_64 | 1.5-8 | 31.00 | OK | |||
r-release-windows-x86_64 | 1.5-8 | 10.00 | 44.00 | 54.00 | OK | |
r-oldrel-macos-arm64 | 1.5-8 | 23.00 | OK | |||
r-oldrel-macos-x86_64 | 1.5-8 | 30.00 | OK | |||
r-oldrel-windows-x86_64 | 1.5-8 | 8.00 | 39.00 | 47.00 | OK |
Version: 1.5-8
Check: CRAN incoming feasibility
Result: NOTE
Maintainer: ‘Berwin A. Turlach <Berwin.Turlach@gmail.com>’
No Authors@R field in DESCRIPTION.
Please add one, modifying
Authors@R: c(person(given = c("S", "original", "by", "Berwin", "A.", "Turlach", "R", "port", "by", "Andreas", "Weingessel", "<Andreas.Weingessel@ci.tuwien.ac.at>", "Fortran", "contributions", "from", "Cleve", "Moler"),
family = "dpodi/LINPACK)",
role = "aut",
email = "Andreas.Weingessel@ci.tuwien.ac.at",
comment = "a modified version of"),
person(given = c("Berwin", "A."),
family = "Turlach",
role = "cre",
email = "Berwin.Turlach@gmail.com"))
as necessary.
Flavors: r-devel-linux-x86_64-debian-clang, r-devel-linux-x86_64-debian-gcc