Last updated on 2025-04-29 19:50:41 CEST.
Flavor | Version | Tinstall | Tcheck | Ttotal | Status | Flags |
---|---|---|---|---|---|---|
r-devel-linux-x86_64-debian-clang | 1.2.6 | 6.55 | 95.04 | 101.59 | NOTE | |
r-devel-linux-x86_64-debian-gcc | 1.2.6 | 4.40 | 62.71 | 67.11 | NOTE | |
r-devel-linux-x86_64-fedora-clang | 1.2.6 | 153.99 | OK | |||
r-devel-linux-x86_64-fedora-gcc | 1.2.6 | 152.65 | OK | |||
r-devel-windows-x86_64 | 1.2.6 | 8.00 | 104.00 | 112.00 | OK | |
r-patched-linux-x86_64 | 1.2.6 | 6.51 | 87.38 | 93.89 | OK | |
r-release-linux-x86_64 | 1.2.6 | 6.43 | 88.19 | 94.62 | OK | |
r-release-macos-arm64 | 1.2.6 | 48.00 | OK | |||
r-release-macos-x86_64 | 1.2.6 | 136.00 | OK | |||
r-release-windows-x86_64 | 1.2.6 | 9.00 | 104.00 | 113.00 | OK | |
r-oldrel-macos-arm64 | 1.2.6 | 48.00 | OK | |||
r-oldrel-macos-x86_64 | 1.2.6 | 86.00 | OK | |||
r-oldrel-windows-x86_64 | 1.2.6 | 10.00 | 128.00 | 138.00 | OK |
Version: 1.2.6
Check: examples
Result: NOTE
Examples with CPU (user + system) or elapsed time > 5s
user system elapsed
StomatalClosure 8.077 0.026 11.619
OsmoticPot 7.252 0.023 8.949
Gmin 6.848 0.027 8.762
FittedFW 5.218 0.051 7.263
Flavor: r-devel-linux-x86_64-debian-clang
Version: 1.2.6
Check: examples
Result: NOTE
Examples with CPU (user + system) or elapsed time > 5s
user system elapsed
StomatalClosure 4.768 0.031 5.488
OsmoticPot 4.672 0.000 5.407
Flavor: r-devel-linux-x86_64-debian-gcc