Last updated on 2025-04-30 01:50:31 CEST.
Flavor | Version | Tinstall | Tcheck | Ttotal | Status | Flags |
---|---|---|---|---|---|---|
r-devel-linux-x86_64-debian-clang | 2.7.0 | 48.69 | 333.11 | 381.80 | NOTE | |
r-devel-linux-x86_64-debian-gcc | 2.7.0 | 32.08 | 212.57 | 244.65 | OK | |
r-devel-linux-x86_64-fedora-clang | 2.7.0 | 647.80 | OK | |||
r-devel-linux-x86_64-fedora-gcc | 2.7.0 | 597.15 | OK | |||
r-devel-windows-x86_64 | 2.7.0 | 54.00 | 317.00 | 371.00 | OK | |
r-patched-linux-x86_64 | 2.7.0 | 50.24 | 317.74 | 367.98 | OK | |
r-release-linux-x86_64 | 2.7.0 | 50.99 | 316.67 | 367.66 | OK | |
r-release-macos-arm64 | 2.7.0 | 147.00 | OK | |||
r-release-macos-x86_64 | 2.7.0 | 328.00 | OK | |||
r-release-windows-x86_64 | 2.7.0 | 55.00 | 298.00 | 353.00 | OK | |
r-oldrel-macos-arm64 | 2.7.0 | 154.00 | OK | |||
r-oldrel-macos-x86_64 | 2.7.0 | 359.00 | OK | |||
r-oldrel-windows-x86_64 | 2.7.0 | 69.00 | 414.00 | 483.00 | OK |
Version: 2.7.0
Check: examples
Result: NOTE
Examples with CPU (user + system) or elapsed time > 5s
user system elapsed
ma_d 5.830 0.001 7.063
metareg 5.335 0.103 6.384
Flavor: r-devel-linux-x86_64-debian-clang