Last updated on 2024-06-29 23:50:00 CEST.
Flavor | Version | Tinstall | Tcheck | Ttotal | Status | Flags |
---|---|---|---|---|---|---|
r-devel-linux-x86_64-debian-clang | 0.3-21 | 328.91 | 111.41 | 440.32 | OK | |
r-devel-linux-x86_64-debian-gcc | 0.3-21 | 195.30 | 81.04 | 276.34 | OK | |
r-devel-linux-x86_64-fedora-clang | 0.3-21 | 628.22 | OK | |||
r-devel-linux-x86_64-fedora-gcc | 0.3-21 | 615.71 | OK | |||
r-devel-windows-x86_64 | 0.3-21 | 232.00 | 120.00 | 352.00 | OK | |
r-patched-linux-x86_64 | 0.3-21 | 232.34 | 103.46 | 335.80 | OK | |
r-release-linux-x86_64 | 0.3-21 | 241.66 | 106.39 | 348.05 | OK | |
r-release-macos-arm64 | 0.3-21 | 105.00 | NOTE | |||
r-release-macos-x86_64 | 0.3-21 | 116.00 | NOTE | |||
r-release-windows-x86_64 | 0.3-21 | 233.00 | 110.00 | 343.00 | OK | |
r-oldrel-macos-arm64 | 0.3-21 | 116.00 | NOTE | |||
r-oldrel-macos-x86_64 | 0.3-21 | 160.00 | NOTE | |||
r-oldrel-windows-x86_64 | 0.3-21 | 286.00 | 141.00 | 427.00 | OK |
Version: 0.3-21
Check: installed package size
Result: NOTE
installed size is 7.4Mb
sub-directories of 1Mb or more:
libs 7.3Mb
Flavors: r-release-macos-arm64, r-release-macos-x86_64, r-oldrel-macos-arm64, r-oldrel-macos-x86_64