Last updated on 2024-08-24 16:49:07 CEST.
Flavor | Version | Tinstall | Tcheck | Ttotal | Status | Flags |
---|---|---|---|---|---|---|
r-devel-linux-x86_64-debian-clang | 0.0.3.4 | 13.42 | 114.84 | 128.26 | NOTE | |
r-devel-linux-x86_64-debian-gcc | 0.0.3.4 | 9.67 | 81.95 | 91.62 | NOTE | |
r-devel-linux-x86_64-fedora-clang | 0.0.3.4 | 209.82 | NOTE | |||
r-devel-linux-x86_64-fedora-gcc | 0.0.3.4 | 217.37 | NOTE | |||
r-devel-windows-x86_64 | 0.0.3.4 | 16.00 | 150.00 | 166.00 | NOTE | |
r-patched-linux-x86_64 | 0.0.3.4 | 14.46 | 106.98 | 121.44 | NOTE | |
r-release-linux-x86_64 | 0.0.3.4 | 13.31 | 108.50 | 121.81 | NOTE | |
r-release-macos-arm64 | 0.0.3.4 | 72.00 | NOTE | |||
r-release-macos-x86_64 | 0.0.3.4 | 103.00 | NOTE | |||
r-release-windows-x86_64 | 0.0.3.4 | 17.00 | 150.00 | 167.00 | NOTE | |
r-oldrel-macos-arm64 | 0.0.3.4 | 84.00 | NOTE | |||
r-oldrel-macos-x86_64 | 0.0.3.4 | 171.00 | NOTE | |||
r-oldrel-windows-x86_64 | 0.0.3.4 | 19.00 | 179.00 | 198.00 | NOTE |
Version: 0.0.3.4
Check: package dependencies
Result: NOTE
Package suggested but not available for checking: ‘cmdstanr’
Flavors: r-devel-linux-x86_64-debian-clang, r-devel-linux-x86_64-debian-gcc, r-devel-linux-x86_64-fedora-clang, r-devel-linux-x86_64-fedora-gcc, r-devel-windows-x86_64, r-patched-linux-x86_64, r-release-linux-x86_64, r-release-macos-arm64, r-release-macos-x86_64, r-release-windows-x86_64, r-oldrel-macos-arm64, r-oldrel-macos-x86_64, r-oldrel-windows-x86_64