Last updated on 2024-06-29 11:49:20 CEST.
Flavor | Version | Tinstall | Tcheck | Ttotal | Status | Flags |
---|---|---|---|---|---|---|
r-devel-linux-x86_64-debian-clang | 0.8.1 | 788.00 | 44.67 | 832.67 | OK | |
r-devel-linux-x86_64-debian-gcc | 0.8.1 | 613.49 | 34.73 | 648.22 | OK | |
r-devel-linux-x86_64-fedora-clang | 0.8.1 | 1312.23 | NOTE | |||
r-devel-linux-x86_64-fedora-gcc | 0.8.1 | 1155.33 | OK | |||
r-devel-windows-x86_64 | 0.8.1 | 413.00 | 151.00 | 564.00 | NOTE | |
r-patched-linux-x86_64 | 0.8.1 | 808.96 | 42.23 | 851.19 | OK | |
r-release-linux-x86_64 | 0.8.1 | 840.26 | 44.64 | 884.90 | OK | |
r-release-macos-arm64 | 0.8.1 | 255.00 | NOTE | |||
r-release-macos-x86_64 | 0.8.1 | 226.00 | NOTE | |||
r-release-windows-x86_64 | 0.8.1 | 431.00 | 181.00 | 612.00 | NOTE | |
r-oldrel-macos-arm64 | 0.8.1 | 261.00 | ERROR | |||
r-oldrel-macos-x86_64 | 0.8.1 | 290.00 | ERROR | |||
r-oldrel-windows-x86_64 | 0.8.1 | 400.00 | 217.00 | 617.00 | NOTE |
Version: 0.8.1
Check: installed package size
Result: NOTE
installed size is 19.2Mb
sub-directories of 1Mb or more:
libs 18.9Mb
Flavors: r-devel-linux-x86_64-fedora-clang, r-devel-windows-x86_64, r-release-macos-arm64, r-release-macos-x86_64, r-release-windows-x86_64, r-oldrel-macos-arm64, r-oldrel-macos-x86_64, r-oldrel-windows-x86_64
Version: 0.8.1
Check: running R code from vignettes
Result: ERROR
Errors in running code in vignettes:
when running code in ‘knitr.Rmd’
...
derive {mpg_int = math.round 0 mpg}
take 3
```
````
> cat("````markdown", knitr::knit_child(text = src_with_con,
+ quiet = TRUE), "````", sep = "")
When sourcing ‘knitr.R’:
Error: character argument expected
Execution halted
‘knitr.Rmd’ using ‘UTF-8’... failed
‘prqlr.Rmd’ using ‘UTF-8’... [3s/4s] OK
Flavor: r-oldrel-macos-arm64
Version: 0.8.1
Check: running R code from vignettes
Result: ERROR
Errors in running code in vignettes:
when running code in ‘knitr.Rmd’
...
derive {mpg_int = math.round 0 mpg}
take 3
```
````
> cat("````markdown", knitr::knit_child(text = src_with_con,
+ quiet = TRUE), "````", sep = "")
When sourcing ‘knitr.R’:
Error: character argument expected
Execution halted
‘knitr.Rmd’ using ‘UTF-8’... failed
‘prqlr.Rmd’ using ‘UTF-8’... [5s/13s] OK
Flavor: r-oldrel-macos-x86_64