Last updated on 2025-10-31 20:48:47 CET.
| Flavor | Version | Tinstall | Tcheck | Ttotal | Status | Flags | 
|---|---|---|---|---|---|---|
| r-devel-linux-x86_64-debian-clang | 1.0 | 1.80 | 19.15 | 20.95 | NOTE | |
| r-devel-linux-x86_64-debian-gcc | 1.0 | 1.55 | 16.04 | 17.59 | NOTE | |
| r-devel-linux-x86_64-fedora-clang | 1.0 | 31.27 | OK | |||
| r-devel-linux-x86_64-fedora-gcc | 1.0 | 31.38 | OK | |||
| r-devel-windows-x86_64 | 1.0 | 2.00 | 39.00 | 41.00 | OK | |
| r-patched-linux-x86_64 | 1.0 | 2.05 | 18.19 | 20.24 | OK | |
| r-release-linux-x86_64 | 1.0 | 1.82 | 18.26 | 20.08 | OK | |
| r-release-macos-arm64 | 1.0 | 1.00 | 15.00 | 16.00 | OK | |
| r-release-macos-x86_64 | 1.0 | 2.00 | 24.00 | 26.00 | OK | |
| r-release-windows-x86_64 | 1.0 | 3.00 | 39.00 | 42.00 | OK | |
| r-oldrel-macos-arm64 | 1.0 | 1.00 | 14.00 | 15.00 | OK | |
| r-oldrel-macos-x86_64 | 1.0 | 2.00 | 19.00 | 21.00 | OK | |
| r-oldrel-windows-x86_64 | 1.0 | 3.00 | 41.00 | 44.00 | OK | 
Version: 1.0
Check: CRAN incoming feasibility
Result: NOTE
  Maintainer: ‘Przemysław Biecek <przemyslaw.biecek@gmail.com>’
  
  The Description field contains
    available at http://biecek.pl/BetaBit/Warsaw.  It's a part of Beta and
    http://biecek.pl/BetaBit.
  Please enclose URLs in angle brackets (<...>).
Flavors: r-devel-linux-x86_64-debian-clang, r-devel-linux-x86_64-debian-gcc