Last updated on 2024-07-02 01:57:18 CEST.
Flavor | Version | Tinstall | Tcheck | Ttotal | Status | Flags |
---|---|---|---|---|---|---|
r-devel-linux-x86_64-debian-clang | 1.5.0 | 4.35 | 46.26 | 50.61 | OK | |
r-devel-linux-x86_64-debian-gcc | 1.5.0 | 3.04 | 35.40 | 38.44 | OK | |
r-devel-linux-x86_64-fedora-clang | 1.5.0 | 65.66 | NOTE | |||
r-devel-linux-x86_64-fedora-gcc | 1.5.0 | 73.25 | NOTE | |||
r-devel-windows-x86_64 | 1.5.0 | 4.00 | 61.00 | 65.00 | OK | |
r-patched-linux-x86_64 | 1.5.0 | 4.14 | 45.31 | 49.45 | OK | |
r-release-linux-x86_64 | 1.5.0 | 3.12 | 45.49 | 48.61 | OK | |
r-release-macos-arm64 | 1.5.0 | 28.00 | OK | |||
r-release-macos-x86_64 | 1.5.0 | 40.00 | OK | |||
r-release-windows-x86_64 | 1.5.0 | 5.00 | 60.00 | 65.00 | OK | |
r-oldrel-macos-arm64 | 1.5.0 | 33.00 | OK | |||
r-oldrel-macos-x86_64 | 1.5.0 | 95.00 | OK | |||
r-oldrel-windows-x86_64 | 1.5.0 | 5.00 | 65.00 | 70.00 | OK |
Version: 1.5.0
Check: data for non-ASCII characters
Result: NOTE
Note: found 21 marked Latin-1 strings
Note: found 150 marked UTF-8 strings
Flavors: r-devel-linux-x86_64-fedora-clang, r-devel-linux-x86_64-fedora-gcc