Last updated on 2025-05-09 16:53:05 CEST.
Flavor | Version | Tinstall | Tcheck | Ttotal | Status | Flags |
---|---|---|---|---|---|---|
r-devel-linux-x86_64-debian-clang | 1.0 | 123.26 | 266.09 | 389.35 | OK | |
r-devel-linux-x86_64-debian-gcc | 1.0 | 117.69 | 186.83 | 304.52 | OK | |
r-devel-linux-x86_64-fedora-clang | 1.0 | 604.42 | NOTE | |||
r-devel-linux-x86_64-fedora-gcc | 1.0 | 724.39 | NOTE | |||
r-devel-windows-x86_64 | 1.0 | 151.00 | 258.00 | 409.00 | OK | |
r-patched-linux-x86_64 | 1.0 | 153.17 | 256.02 | 409.19 | OK | |
r-release-linux-x86_64 | 1.0 | 145.90 | 260.54 | 406.44 | OK | |
r-release-macos-arm64 | 1.0 | 159.00 | OK | |||
r-release-macos-x86_64 | 1.0 | 422.00 | OK | |||
r-release-windows-x86_64 | 1.0 | 148.00 | 256.00 | 404.00 | OK | |
r-oldrel-macos-arm64 | 1.0 | 98.00 | NOTE | |||
r-oldrel-macos-x86_64 | 1.0 | 181.00 | NOTE | |||
r-oldrel-windows-x86_64 | 1.0 | 173.00 | 330.00 | 503.00 | NOTE |
Version: 1.0
Check: dependencies in R code
Result: NOTE
Namespaces in Imports field not imported from:
‘StanHeaders’ ‘methods’ ‘rstantools’
All declared Imports should be used.
Flavors: r-devel-linux-x86_64-fedora-clang, r-devel-linux-x86_64-fedora-gcc
Version: 1.0
Check: installed package size
Result: NOTE
installed size is 49.5Mb
sub-directories of 1Mb or more:
libs 48.8Mb
Flavors: r-oldrel-macos-arm64, r-oldrel-macos-x86_64
Version: 1.0
Check: for GNU extensions in Makefiles
Result: NOTE
GNU make is a SystemRequirements.
Flavors: r-oldrel-macos-arm64, r-oldrel-macos-x86_64, r-oldrel-windows-x86_64