Last updated on 2025-04-30 01:50:31 CEST.
Flavor | Version | Tinstall | Tcheck | Ttotal | Status | Flags |
---|---|---|---|---|---|---|
r-devel-linux-x86_64-debian-clang | 2024.06.25 | 18.57 | 89.45 | 108.02 | NOTE | |
r-devel-linux-x86_64-debian-gcc | 2025.04.28 | 11.57 | 68.15 | 79.72 | OK | |
r-devel-linux-x86_64-fedora-clang | 2025.04.28 | 192.63 | OK | |||
r-devel-linux-x86_64-fedora-gcc | 2025.04.28 | 185.55 | OK | |||
r-devel-windows-x86_64 | 2025.04.28 | 28.00 | 116.00 | 144.00 | OK | |
r-patched-linux-x86_64 | 2024.06.25 | 16.37 | 84.97 | 101.34 | OK | |
r-release-linux-x86_64 | 2024.06.25 | 16.72 | 84.16 | 100.88 | OK | |
r-release-macos-arm64 | 2025.04.28 | 51.00 | OK | |||
r-release-macos-x86_64 | 2025.04.28 | 97.00 | OK | |||
r-release-windows-x86_64 | 2024.06.25 | 26.00 | 106.00 | 132.00 | OK | |
r-oldrel-macos-arm64 | 2025.04.28 | 54.00 | OK | |||
r-oldrel-macos-x86_64 | 2025.04.28 | 102.00 | OK | |||
r-oldrel-windows-x86_64 | 2024.06.25 | 29.00 | 126.00 | 155.00 | OK |
Version: 2024.06.25
Check: CRAN incoming feasibility
Result: NOTE
Maintainer: ‘Thomas A. Gerds <tag@biostat.ku.dk>’
No Authors@R field in DESCRIPTION.
Please add one, modifying
Authors@R: person(given = c("Thomas", "A."),
family = "Gerds",
role = c("aut", "cre"),
email = "tag@biostat.ku.dk")
as necessary.
Flavor: r-devel-linux-x86_64-debian-clang