Last updated on 2024-06-29 11:49:20 CEST.
Flavor | Version | Tinstall | Tcheck | Ttotal | Status | Flags |
---|---|---|---|---|---|---|
r-devel-linux-x86_64-debian-clang | 0.5.3 | 29.21 | 122.90 | 152.11 | OK | |
r-devel-linux-x86_64-debian-gcc | 0.5.3 | 21.16 | 91.08 | 112.24 | OK | |
r-devel-linux-x86_64-fedora-clang | 0.5.3 | 210.23 | NOTE | |||
r-devel-linux-x86_64-fedora-gcc | 0.5.3 | 206.05 | OK | |||
r-devel-windows-x86_64 | 0.5.3 | 28.00 | 118.00 | 146.00 | OK | |
r-patched-linux-x86_64 | 0.5.3 | 24.63 | 117.61 | 142.24 | OK | |
r-release-linux-x86_64 | 0.5.3 | 20.26 | 121.20 | 141.46 | OK | |
r-release-macos-arm64 | 0.5.3 | 63.00 | OK | |||
r-release-macos-x86_64 | 0.5.3 | 120.00 | OK | |||
r-release-windows-x86_64 | 0.5.3 | 27.00 | 117.00 | 144.00 | OK | |
r-oldrel-macos-arm64 | 0.5.3 | 57.00 | OK | |||
r-oldrel-macos-x86_64 | 0.5.3 | 90.00 | OK | |||
r-oldrel-windows-x86_64 | 0.5.3 | 35.00 | 138.00 | 173.00 | OK |
Version: 0.5.3
Check: package dependencies
Result: NOTE
Imports includes 21 non-default packages.
Importing from so many packages makes the package vulnerable to any of
them becoming unavailable. Move as many as possible to Suggests and
use conditionally.
Flavor: r-devel-linux-x86_64-fedora-clang