Last updated on 2024-06-29 11:49:20 CEST.
Flavor | Version | Tinstall | Tcheck | Ttotal | Status | Flags |
---|---|---|---|---|---|---|
r-devel-linux-x86_64-debian-clang | 1.0.5 | 11.62 | 128.42 | 140.04 | OK | |
r-devel-linux-x86_64-debian-gcc | 1.0.5 | 9.47 | 96.63 | 106.10 | OK | |
r-devel-linux-x86_64-fedora-clang | 1.0.5 | 175.67 | NOTE | |||
r-devel-linux-x86_64-fedora-gcc | 1.0.5 | 177.38 | OK | |||
r-devel-windows-x86_64 | 1.0.5 | 11.00 | 113.00 | 124.00 | NOTE | |
r-patched-linux-x86_64 | 1.0.5 | 13.15 | 122.53 | 135.68 | OK | |
r-release-linux-x86_64 | 1.0.5 | 9.11 | 123.47 | 132.58 | OK | |
r-release-macos-arm64 | 1.0.5 | 60.00 | NOTE | |||
r-release-macos-x86_64 | 1.0.5 | 91.00 | NOTE | |||
r-release-windows-x86_64 | 1.0.5 | 12.00 | 111.00 | 123.00 | NOTE | |
r-oldrel-macos-arm64 | 1.0.5 | 65.00 | NOTE | |||
r-oldrel-macos-x86_64 | 1.0.5 | 113.00 | NOTE | |||
r-oldrel-windows-x86_64 | 1.0.5 | 15.00 | 130.00 | 145.00 | NOTE |
Version: 1.0.5
Check: installed package size
Result: NOTE
installed size is 11.6Mb
sub-directories of 1Mb or more:
doc 8.8Mb
htmlwidgets 2.6Mb
Flavors: r-devel-linux-x86_64-fedora-clang, r-devel-windows-x86_64, r-release-macos-arm64, r-release-macos-x86_64, r-release-windows-x86_64, r-oldrel-macos-arm64, r-oldrel-macos-x86_64, r-oldrel-windows-x86_64