Last updated on 2024-06-29 11:49:20 CEST.
Flavor | Version | Tinstall | Tcheck | Ttotal | Status | Flags |
---|---|---|---|---|---|---|
r-devel-linux-x86_64-debian-clang | 1.0.21 | 4.27 | 68.39 | 72.66 | NOTE | |
r-devel-linux-x86_64-debian-gcc | 1.0.21 | 3.23 | 49.79 | 53.02 | NOTE | |
r-devel-linux-x86_64-fedora-clang | 1.0.21 | 92.06 | NOTE | |||
r-devel-linux-x86_64-fedora-gcc | 1.0.21 | 99.61 | NOTE | |||
r-devel-windows-x86_64 | 1.0.21 | 4.00 | 246.00 | 250.00 | NOTE | |
r-patched-linux-x86_64 | 1.0.21 | 3.65 | 65.00 | 68.65 | NOTE | |
r-release-linux-x86_64 | 1.0.21 | 3.97 | 65.58 | 69.55 | NOTE | |
r-release-macos-arm64 | 1.0.21 | 48.00 | NOTE | |||
r-release-macos-x86_64 | 1.0.21 | 57.00 | NOTE | |||
r-release-windows-x86_64 | 1.0.21 | 4.00 | 183.00 | 187.00 | NOTE | |
r-oldrel-macos-arm64 | 1.0.21 | 39.00 | OK | |||
r-oldrel-macos-x86_64 | 1.0.21 | 62.00 | OK | |||
r-oldrel-windows-x86_64 | 1.0.21 | 5.00 | 166.00 | 171.00 | OK |
Version: 1.0.21
Check: Rd files
Result: NOTE
checkRd: (-1) prim.box.Rd:66: Lost braces in \itemize; meant \describe ?
checkRd: (-1) prim.box.Rd:68: Lost braces in \itemize; meant \describe ?
checkRd: (-1) prim.box.Rd:70: Lost braces in \itemize; meant \describe ?
Flavors: r-devel-linux-x86_64-debian-clang, r-devel-linux-x86_64-debian-gcc, r-devel-linux-x86_64-fedora-clang, r-devel-linux-x86_64-fedora-gcc, r-devel-windows-x86_64, r-patched-linux-x86_64, r-release-linux-x86_64, r-release-macos-arm64, r-release-macos-x86_64, r-release-windows-x86_64