CRAN Package Check Results for Package pricelevels

Last updated on 2025-04-30 01:50:31 CEST.

Flavor Version Tinstall Tcheck Ttotal Status Flags
r-devel-linux-x86_64-debian-clang 1.3.0 6.18 98.65 104.83 NOTE
r-devel-linux-x86_64-debian-gcc 1.3.0 3.75 60.31 64.06 NOTE
r-devel-linux-x86_64-fedora-clang 1.3.0 142.17 OK
r-devel-linux-x86_64-fedora-gcc 1.3.0 142.69 OK
r-devel-windows-x86_64 1.3.0 6.00 95.00 101.00 NOTE
r-patched-linux-x86_64 1.3.0 5.73 76.53 82.26 NOTE
r-release-linux-x86_64 1.3.0 4.93 76.41 81.34 NOTE
r-release-macos-arm64 1.3.0 44.00 OK
r-release-macos-x86_64 1.3.0 97.00 OK
r-release-windows-x86_64 1.3.0 7.00 92.00 99.00 NOTE
r-oldrel-macos-arm64 1.3.0 65.00 OK
r-oldrel-macos-x86_64 1.3.0 73.00 OK
r-oldrel-windows-x86_64 1.3.0 5.00 105.00 110.00 OK

Check Details

Version: 1.3.0
Check: Rd cross-references
Result: NOTE Found the following Rd file(s) with Rd \link{} targets missing package anchors: cpd.Rd: nls.lm Please provide package anchors for all Rd \link{} targets not in the package itself and the base packages. Flavors: r-devel-linux-x86_64-debian-clang, r-devel-linux-x86_64-debian-gcc, r-devel-windows-x86_64, r-patched-linux-x86_64, r-release-linux-x86_64, r-release-windows-x86_64