Last updated on 2024-06-29 11:49:20 CEST.
Flavor | Version | Tinstall | Tcheck | Ttotal | Status | Flags |
---|---|---|---|---|---|---|
r-devel-linux-x86_64-debian-clang | 0.0.1 | 7.04 | 45.57 | 52.61 | OK | |
r-devel-linux-x86_64-debian-gcc | 0.0.1 | 6.83 | 35.74 | 42.57 | OK | |
r-devel-linux-x86_64-fedora-clang | 0.0.1 | 69.53 | OK | |||
r-devel-linux-x86_64-fedora-gcc | 0.0.1 | 66.13 | OK | |||
r-devel-windows-x86_64 | 0.0.1 | 10.00 | 63.00 | 73.00 | OK | |
r-patched-linux-x86_64 | 0.0.1 | 7.37 | 44.35 | 51.72 | OK | |
r-release-linux-x86_64 | 0.0.1 | 9.33 | 45.56 | 54.89 | OK | |
r-release-macos-arm64 | 0.0.1 | 29.00 | OK | |||
r-release-macos-x86_64 | 0.0.1 | 42.00 | NOTE | |||
r-release-windows-x86_64 | 0.0.1 | 10.00 | 61.00 | 71.00 | OK | |
r-oldrel-macos-arm64 | 0.0.1 | 31.00 | OK | |||
r-oldrel-macos-x86_64 | 0.0.1 | 47.00 | NOTE | |||
r-oldrel-windows-x86_64 | 0.0.1 | 13.00 | 65.00 | 78.00 | OK |
Version: 0.0.1
Check: installed package size
Result: NOTE
installed size is 5.0Mb
sub-directories of 1Mb or more:
data 4.9Mb
Flavors: r-release-macos-x86_64, r-oldrel-macos-x86_64