Last updated on 2025-04-30 01:50:31 CEST.
Flavor | Version | Tinstall | Tcheck | Ttotal | Status | Flags |
---|---|---|---|---|---|---|
r-devel-linux-x86_64-debian-clang | 0.1 | 7.03 | 58.48 | 65.51 | NOTE | |
r-devel-linux-x86_64-debian-gcc | 0.1 | 4.26 | 42.22 | 46.48 | NOTE | |
r-devel-linux-x86_64-fedora-clang | 0.1 | 90.24 | OK | |||
r-devel-linux-x86_64-fedora-gcc | 0.1 | 97.79 | OK | |||
r-devel-windows-x86_64 | 0.1 | 9.00 | 76.00 | 85.00 | OK | |
r-patched-linux-x86_64 | 0.1 | 6.60 | 52.76 | 59.36 | OK | |
r-release-linux-x86_64 | 0.1 | 7.21 | 52.66 | 59.87 | OK | |
r-release-macos-arm64 | 0.1 | 36.00 | OK | |||
r-release-macos-x86_64 | 0.1 | 64.00 | OK | |||
r-release-windows-x86_64 | 0.1 | 11.00 | 74.00 | 85.00 | OK | |
r-oldrel-macos-arm64 | 0.1 | 37.00 | OK | |||
r-oldrel-macos-x86_64 | 0.1 | 53.00 | OK | |||
r-oldrel-windows-x86_64 | 0.1 | 10.00 | 87.00 | 97.00 | OK |
Version: 0.1
Check: CRAN incoming feasibility
Result: NOTE
Maintainer: ‘Marcel Miché <marcel.miche.predictme@gmail.com>’
No Authors@R field in DESCRIPTION.
Please add one, modifying
Authors@R: person(given = "Marcel",
family = "Miché",
role = c("aut", "cre"),
email = "marcel.miche.predictme@gmail.com")
as necessary.
Flavors: r-devel-linux-x86_64-debian-clang, r-devel-linux-x86_64-debian-gcc