Last updated on 2025-10-31 14:49:49 CET.
| Flavor | Version | Tinstall | Tcheck | Ttotal | Status | Flags | 
|---|---|---|---|---|---|---|
| r-devel-linux-x86_64-debian-clang | 1.1 | 1.70 | 20.85 | 22.55 | NOTE | |
| r-devel-linux-x86_64-debian-gcc | 1.1 | 1.45 | 17.00 | 18.45 | NOTE | |
| r-devel-linux-x86_64-fedora-clang | 1.1 | 33.44 | OK | |||
| r-devel-linux-x86_64-fedora-gcc | 1.1 | 31.94 | OK | |||
| r-devel-windows-x86_64 | 1.1 | 3.00 | 40.00 | 43.00 | OK | |
| r-patched-linux-x86_64 | 1.1 | 1.95 | 20.01 | 21.96 | OK | |
| r-release-linux-x86_64 | 1.1 | 1.89 | 20.14 | 22.03 | OK | |
| r-release-macos-arm64 | 1.1 | 1.00 | 14.00 | 15.00 | OK | |
| r-release-macos-x86_64 | 1.1 | 2.00 | 29.00 | 31.00 | OK | |
| r-release-windows-x86_64 | 1.1 | 4.00 | 49.00 | 53.00 | OK | |
| r-oldrel-macos-arm64 | 1.1 | 1.00 | 19.00 | 20.00 | OK | |
| r-oldrel-macos-x86_64 | 1.1 | 2.00 | 27.00 | 29.00 | OK | |
| r-oldrel-windows-x86_64 | 1.1 | 4.00 | 47.00 | 51.00 | OK | 
Version: 1.1
Check: CRAN incoming feasibility
Result: NOTE
  Maintainer: ‘Seongho Kim <biostatistician.kim@gmail.com>’
  
  No Authors@R field in DESCRIPTION.
  Please add one, modifying
    Authors@R: person(given = "Seongho",
                      family = "Kim",
                      role = c("aut", "cre"),
                      email = "biostatistician.kim@gmail.com")
  as necessary.
Flavors: r-devel-linux-x86_64-debian-clang, r-devel-linux-x86_64-debian-gcc